{"id":696411,"date":"2024-06-13T10:53:49","date_gmt":"2024-06-13T08:53:49","guid":{"rendered":"http:\/\/pith8215.odns.fr\/lot\/appartement-entierement-renove-au-pied-des-pistes\/"},"modified":"2026-05-01T05:20:31","modified_gmt":"2026-05-01T03:20:31","slug":"appartement-entierement-renove-au-pied-des-pistes","status":"publish","type":"lot","link":"https:\/\/www.agenceimmoselect.com\/en\/lot\/appartement-entierement-renove-au-pied-des-pistes\/","title":{"rendered":"Appartement enti\u00e8rement r\u00e9nov\u00e9, au pied des pistes"},"content":{"rendered":"<p>Au c\u0153ur du village des Gets, appartement de 85 m\u00b2 enti\u00e8rement r\u00e9nov\u00e9, situ\u00e9 au deuxi\u00e8me \u00e9tage avec ascenseur, b\u00e9n\u00e9ficiant d&#8217;un balcon expos\u00e9 sud-ouest et sud-est, avec vue sur le front de neige. Class\u00e9 3 \u00e9toiles. Id\u00e9alement situ\u00e9 : r\u00e9sidence en face du d\u00e9part des cours de ski !!<br \/>\nCapacit\u00e9 : 7\/8 personnes. Adh\u00e9rent Multipass \u00e9t\u00e9 2024<\/p>\n<p>Travaux de construction \u00e0 l&#8217;arri\u00e8re du b\u00e2timent, face Nord. <\/p>\n<p>DESCRIPTION :<br \/>\n&#8211; 1 chambre double avec lit en 160 x 200 cm, TV et rangements (nouveau vis \u00e0 vis important)<br \/>\n&#8211; 1 chambre double avec 2 lits en 90 x 190 cm (pouvant former un King Size), rangements<br \/>\n&#8211; 1 chambre enfant, avec 2 lits superpos\u00e9s en 90 x 190 cm et 1 lit simple en 90 x 190 cm, TV et  rangement<br \/>\n&#8211; 1 salle de bain avec 1 vasque, s\u00e8che serviette,<br \/>\n&#8211; 1 salle de douche avec 2 vasques, s\u00e8che-serviette<br \/>\n&#8211; 2 WC ind\u00e9pendants<br \/>\n&#8211; 1 salon-s\u00e9jour, equip\u00e9 d&#8217;un canap\u00e9 convertible (en 160 cm), avec grande cuisine \u00e9quip\u00e9e ouverte sur le s\u00e9jour, expos\u00e9e Sud-Ouest, coin repas. Acc\u00e8s balcon<\/p>\n<p>EQUIPEMENTS :<br \/>\nChauffage collectif, t\u00e9l\u00e9vision, Wifi, lave-vaisselle, s\u00e8che-cheveux, four, micro-onde, cafeti\u00e8re filtre et Nespresso, grille-pain, bouilloire, appareil \u00e0 raclette. Lave-linge et s\u00e8che-linge dans la buanderie commune de la r\u00e9sidence.<\/p>\n<p>ANNEXES :<br \/>\n1 covered parking space (Max. height:  1.95M) in the covered parking of the residence and 1 space in a garage located -1 of Residence Nagano from winter 2024\/2025, 2 casiers \u00e0 ski, 1 local \u00e0 velo commun (pensez \u00e0 amener votre Antivol !) <\/p>\n<p>LOCATION HIVER, SERVICES INCLUS :<br \/>\nM\u00e9nage fin de s\u00e9jour, Linge de maison (draps, taies d&#8217;oreiller et housse de couette) Serviettes et tapis de bain.<br \/>\nPr\u00e9paration des lits &amp; Location de peignoir en option<br \/>\nLOCATION ETE :<br \/>\nM\u00e9nage de fin de s\u00e9jour inclus.<br \/>\nTous les autres services d\u00e9crits ci dessus sont en option. Prix sur demande.<\/p>\n<p>CADEAUX DE BIENVENUE : Kit m\u00e9nage, Kit SDB. Al\u00e8zes jetables \/ Animaux Interdits &#8211; Non fumeurs<\/p>\n","protected":false},"excerpt":{"rendered":"<p>Au c\u0153ur du village des Gets, appartement de 85 m\u00b2 enti\u00e8rement r\u00e9nov\u00e9, situ\u00e9 au deuxi\u00e8me \u00e9tage avec ascenseur, b\u00e9n\u00e9ficiant d&#8217;un balcon expos\u00e9 sud-ouest et sud-est, avec vue sur le front de neige. Class\u00e9 3 \u00e9toiles. Id\u00e9alement situ\u00e9 : r\u00e9sidence en face du d\u00e9part des cours de ski !! Capacit\u00e9 : 7\/8 personnes. Adh\u00e9rent Multipass \u00e9t\u00e9 [&hellip;]<\/p>\n","protected":false},"author":1,"featured_media":0,"comment_status":"closed","ping_status":"closed","template":"","class_list":["post-696411","lot","type-lot","status-publish","hentry"],"acf":[],"yoast_head":"<!-- This site is optimized with the Yoast SEO plugin v25.6 - https:\/\/yoast.com\/wordpress\/plugins\/seo\/ -->\n<title>Appartement enti\u00e8rement r\u00e9nov\u00e9, au pied des pistes - Agence Immobiliere Les Gets \u2013 Agence Immo Select<\/title>\n<meta name=\"robots\" content=\"index, follow, max-snippet:-1, max-image-preview:large, max-video-preview:-1\" \/>\n<link rel=\"canonical\" href=\"https:\/\/www.agenceimmoselect.com\/en\/lot\/appartement-entierement-renove-au-pied-des-pistes\/\" \/>\n<meta property=\"og:locale\" content=\"en_US\" \/>\n<meta property=\"og:type\" content=\"article\" \/>\n<meta property=\"og:title\" content=\"Appartement enti\u00e8rement r\u00e9nov\u00e9, au pied des pistes - Agence Immobiliere Les Gets \u2013 Agence Immo Select\" \/>\n<meta property=\"og:description\" content=\"Au c\u0153ur du village des Gets, appartement de 85 m\u00b2 enti\u00e8rement r\u00e9nov\u00e9, situ\u00e9 au deuxi\u00e8me \u00e9tage avec ascenseur, b\u00e9n\u00e9ficiant d&#8217;un balcon expos\u00e9 sud-ouest et sud-est, avec vue sur le front de neige. Class\u00e9 3 \u00e9toiles. Id\u00e9alement situ\u00e9 : r\u00e9sidence en face du d\u00e9part des cours de ski !! Capacit\u00e9 : 7\/8 personnes. Adh\u00e9rent Multipass \u00e9t\u00e9 [&hellip;]\" \/>\n<meta property=\"og:url\" content=\"https:\/\/www.agenceimmoselect.com\/en\/lot\/appartement-entierement-renove-au-pied-des-pistes\/\" \/>\n<meta property=\"og:site_name\" content=\"Agence Immobiliere Les Gets \u2013 Agence Immo Select\" \/>\n<meta property=\"article:modified_time\" content=\"2026-05-01T03:20:31+00:00\" \/>\n<meta name=\"twitter:card\" content=\"summary_large_image\" \/>\n<meta name=\"twitter:label1\" content=\"Est. reading time\" \/>\n\t<meta name=\"twitter:data1\" content=\"2 minutes\" \/>\n<script type=\"application\/ld+json\" class=\"yoast-schema-graph\">{\"@context\":\"https:\/\/schema.org\",\"@graph\":[{\"@type\":\"WebPage\",\"@id\":\"https:\/\/www.agenceimmoselect.com\/en\/lot\/appartement-entierement-renove-au-pied-des-pistes\/\",\"url\":\"https:\/\/www.agenceimmoselect.com\/en\/lot\/appartement-entierement-renove-au-pied-des-pistes\/\",\"name\":\"Appartement enti\u00e8rement r\u00e9nov\u00e9, au pied des pistes - Agence Immobiliere Les Gets \u2013 Agence Immo Select\",\"isPartOf\":{\"@id\":\"https:\/\/www.agenceimmoselect.com\/en\/#website\"},\"datePublished\":\"2024-06-13T08:53:49+00:00\",\"dateModified\":\"2026-05-01T03:20:31+00:00\",\"breadcrumb\":{\"@id\":\"https:\/\/www.agenceimmoselect.com\/en\/lot\/appartement-entierement-renove-au-pied-des-pistes\/#breadcrumb\"},\"inLanguage\":\"en-US\",\"potentialAction\":[{\"@type\":\"ReadAction\",\"target\":[\"https:\/\/www.agenceimmoselect.com\/en\/lot\/appartement-entierement-renove-au-pied-des-pistes\/\"]}]},{\"@type\":\"BreadcrumbList\",\"@id\":\"https:\/\/www.agenceimmoselect.com\/en\/lot\/appartement-entierement-renove-au-pied-des-pistes\/#breadcrumb\",\"itemListElement\":[{\"@type\":\"ListItem\",\"position\":1,\"name\":\"Accueil\",\"item\":\"https:\/\/www.agenceimmoselect.com\/en\/\"},{\"@type\":\"ListItem\",\"position\":2,\"name\":\"Lots\",\"item\":\"https:\/\/www.agenceimmoselect.com\/en\/lot\/\"},{\"@type\":\"ListItem\",\"position\":3,\"name\":\"Appartement enti\u00e8rement r\u00e9nov\u00e9, au pied des pistes\"}]},{\"@type\":\"WebSite\",\"@id\":\"https:\/\/www.agenceimmoselect.com\/en\/#website\",\"url\":\"https:\/\/www.agenceimmoselect.com\/en\/\",\"name\":\"Agence Immo'Select - Les Gets\",\"description\":\"\",\"publisher\":{\"@id\":\"https:\/\/www.agenceimmoselect.com\/en\/#organization\"},\"potentialAction\":[{\"@type\":\"SearchAction\",\"target\":{\"@type\":\"EntryPoint\",\"urlTemplate\":\"https:\/\/www.agenceimmoselect.com\/en\/?s={search_term_string}\"},\"query-input\":{\"@type\":\"PropertyValueSpecification\",\"valueRequired\":true,\"valueName\":\"search_term_string\"}}],\"inLanguage\":\"en-US\"},{\"@type\":\"Organization\",\"@id\":\"https:\/\/www.agenceimmoselect.com\/en\/#organization\",\"name\":\"Agence Immo'Select - Les Gets\",\"url\":\"https:\/\/www.agenceimmoselect.com\/en\/\",\"logo\":{\"@type\":\"ImageObject\",\"inLanguage\":\"en-US\",\"@id\":\"https:\/\/www.agenceimmoselect.com\/en\/#\/schema\/logo\/image\/\",\"url\":\"https:\/\/www.agenceimmoselect.com\/wp-content\/uploads\/2022\/06\/IMMO-SELECT_Logo_RVB_Fond-bleu.jpg\",\"contentUrl\":\"https:\/\/www.agenceimmoselect.com\/wp-content\/uploads\/2022\/06\/IMMO-SELECT_Logo_RVB_Fond-bleu.jpg\",\"width\":1783,\"height\":1481,\"caption\":\"Agence Immo'Select - Les Gets\"},\"image\":{\"@id\":\"https:\/\/www.agenceimmoselect.com\/en\/#\/schema\/logo\/image\/\"}}]}<\/script>\n<!-- \/ Yoast SEO plugin. -->","yoast_head_json":{"title":"Appartement enti\u00e8rement r\u00e9nov\u00e9, au pied des pistes - Agence Immobiliere Les Gets \u2013 Agence Immo Select","robots":{"index":"index","follow":"follow","max-snippet":"max-snippet:-1","max-image-preview":"max-image-preview:large","max-video-preview":"max-video-preview:-1"},"canonical":"https:\/\/www.agenceimmoselect.com\/en\/lot\/appartement-entierement-renove-au-pied-des-pistes\/","og_locale":"en_US","og_type":"article","og_title":"Appartement enti\u00e8rement r\u00e9nov\u00e9, au pied des pistes - Agence Immobiliere Les Gets \u2013 Agence Immo Select","og_description":"Au c\u0153ur du village des Gets, appartement de 85 m\u00b2 enti\u00e8rement r\u00e9nov\u00e9, situ\u00e9 au deuxi\u00e8me \u00e9tage avec ascenseur, b\u00e9n\u00e9ficiant d&#8217;un balcon expos\u00e9 sud-ouest et sud-est, avec vue sur le front de neige. Class\u00e9 3 \u00e9toiles. Id\u00e9alement situ\u00e9 : r\u00e9sidence en face du d\u00e9part des cours de ski !! Capacit\u00e9 : 7\/8 personnes. Adh\u00e9rent Multipass \u00e9t\u00e9 [&hellip;]","og_url":"https:\/\/www.agenceimmoselect.com\/en\/lot\/appartement-entierement-renove-au-pied-des-pistes\/","og_site_name":"Agence Immobiliere Les Gets \u2013 Agence Immo Select","article_modified_time":"2026-05-01T03:20:31+00:00","twitter_card":"summary_large_image","twitter_misc":{"Est. reading time":"2 minutes"},"schema":{"@context":"https:\/\/schema.org","@graph":[{"@type":"WebPage","@id":"https:\/\/www.agenceimmoselect.com\/en\/lot\/appartement-entierement-renove-au-pied-des-pistes\/","url":"https:\/\/www.agenceimmoselect.com\/en\/lot\/appartement-entierement-renove-au-pied-des-pistes\/","name":"Appartement enti\u00e8rement r\u00e9nov\u00e9, au pied des pistes - Agence Immobiliere Les Gets \u2013 Agence Immo Select","isPartOf":{"@id":"https:\/\/www.agenceimmoselect.com\/en\/#website"},"datePublished":"2024-06-13T08:53:49+00:00","dateModified":"2026-05-01T03:20:31+00:00","breadcrumb":{"@id":"https:\/\/www.agenceimmoselect.com\/en\/lot\/appartement-entierement-renove-au-pied-des-pistes\/#breadcrumb"},"inLanguage":"en-US","potentialAction":[{"@type":"ReadAction","target":["https:\/\/www.agenceimmoselect.com\/en\/lot\/appartement-entierement-renove-au-pied-des-pistes\/"]}]},{"@type":"BreadcrumbList","@id":"https:\/\/www.agenceimmoselect.com\/en\/lot\/appartement-entierement-renove-au-pied-des-pistes\/#breadcrumb","itemListElement":[{"@type":"ListItem","position":1,"name":"Accueil","item":"https:\/\/www.agenceimmoselect.com\/en\/"},{"@type":"ListItem","position":2,"name":"Lots","item":"https:\/\/www.agenceimmoselect.com\/en\/lot\/"},{"@type":"ListItem","position":3,"name":"Appartement enti\u00e8rement r\u00e9nov\u00e9, au pied des pistes"}]},{"@type":"WebSite","@id":"https:\/\/www.agenceimmoselect.com\/en\/#website","url":"https:\/\/www.agenceimmoselect.com\/en\/","name":"Agence Immo'Select - Les Gets","description":"","publisher":{"@id":"https:\/\/www.agenceimmoselect.com\/en\/#organization"},"potentialAction":[{"@type":"SearchAction","target":{"@type":"EntryPoint","urlTemplate":"https:\/\/www.agenceimmoselect.com\/en\/?s={search_term_string}"},"query-input":{"@type":"PropertyValueSpecification","valueRequired":true,"valueName":"search_term_string"}}],"inLanguage":"en-US"},{"@type":"Organization","@id":"https:\/\/www.agenceimmoselect.com\/en\/#organization","name":"Agence Immo'Select - Les Gets","url":"https:\/\/www.agenceimmoselect.com\/en\/","logo":{"@type":"ImageObject","inLanguage":"en-US","@id":"https:\/\/www.agenceimmoselect.com\/en\/#\/schema\/logo\/image\/","url":"https:\/\/www.agenceimmoselect.com\/wp-content\/uploads\/2022\/06\/IMMO-SELECT_Logo_RVB_Fond-bleu.jpg","contentUrl":"https:\/\/www.agenceimmoselect.com\/wp-content\/uploads\/2022\/06\/IMMO-SELECT_Logo_RVB_Fond-bleu.jpg","width":1783,"height":1481,"caption":"Agence Immo'Select - Les Gets"},"image":{"@id":"https:\/\/www.agenceimmoselect.com\/en\/#\/schema\/logo\/image\/"}}]}},"_links":{"self":[{"href":"https:\/\/www.agenceimmoselect.com\/en\/wp-json\/wp\/v2\/lot\/696411","targetHints":{"allow":["GET"]}}],"collection":[{"href":"https:\/\/www.agenceimmoselect.com\/en\/wp-json\/wp\/v2\/lot"}],"about":[{"href":"https:\/\/www.agenceimmoselect.com\/en\/wp-json\/wp\/v2\/types\/lot"}],"author":[{"embeddable":true,"href":"https:\/\/www.agenceimmoselect.com\/en\/wp-json\/wp\/v2\/users\/1"}],"replies":[{"embeddable":true,"href":"https:\/\/www.agenceimmoselect.com\/en\/wp-json\/wp\/v2\/comments?post=696411"}],"version-history":[{"count":1,"href":"https:\/\/www.agenceimmoselect.com\/en\/wp-json\/wp\/v2\/lot\/696411\/revisions"}],"predecessor-version":[{"id":704557,"href":"https:\/\/www.agenceimmoselect.com\/en\/wp-json\/wp\/v2\/lot\/696411\/revisions\/704557"}],"wp:attachment":[{"href":"https:\/\/www.agenceimmoselect.com\/en\/wp-json\/wp\/v2\/media?parent=696411"}],"curies":[{"name":"wp","href":"https:\/\/api.w.org\/{rel}","templated":true}]}}

Appartement entièrement rénové, au pied des pistes

<p>Au cœur du village des Gets, appartement de 85 m² entièrement rénové, situé au deuxième étage avec ascenseur, bénéficiant d&#8217;un balcon exposé sud-ouest et sud-est, avec vue sur le front de neige. Classé 3 étoiles. Idéalement situé : résidence en face du départ des cours de ski !!<br />
Capacité : 7/8 personnes. Adhérent Multipass été 2024</p>
<p>Travaux de construction à l&#8217;arrière du bâtiment, face Nord. </p>
<p>DESCRIPTION :<br />
&#8211; 1 chambre double avec lit en 160 x 200 cm, TV et rangements (nouveau vis à vis important)<br />
&#8211; 1 chambre double avec 2 lits en 90 x 190 cm (pouvant former un King Size), rangements<br />
&#8211; 1 chambre enfant, avec 2 lits superposés en 90 x 190 cm et 1 lit simple en 90 x 190 cm, TV et  rangement<br />
&#8211; 1 salle de bain avec 1 vasque, sèche serviette,<br />
&#8211; 1 salle de douche avec 2 vasques, sèche-serviette<br />
&#8211; 2 WC indépendants<br />
&#8211; 1 salon-séjour, equipé d&#8217;un canapé convertible (en 160 cm), avec grande cuisine équipée ouverte sur le séjour, exposée Sud-Ouest, coin repas. Accès balcon</p>
<p>EQUIPEMENTS :<br />
Chauffage collectif, télévision, Wifi, lave-vaisselle, sèche-cheveux, four, micro-onde, cafetière filtre et Nespresso, grille-pain, bouilloire, appareil à raclette. Lave-linge et sèche-linge dans la buanderie commune de la résidence.</p>
<p>ANNEXES :<br />
1 covered parking space (Max. height:  1.95M) in the covered parking of the residence and 1 space in a garage located -1 of Residence Nagano from winter 2024/2025, 2 casiers à ski, 1 local à velo commun (pensez à amener votre Antivol !) </p>
<p>LOCATION HIVER, SERVICES INCLUS :<br />
Ménage fin de séjour, Linge de maison (draps, taies d&#8217;oreiller et housse de couette) Serviettes et tapis de bain.<br />
Préparation des lits &amp; Location de peignoir en option<br />
LOCATION ETE :<br />
Ménage de fin de séjour inclus.<br />
Tous les autres services décrits ci dessus sont en option. Prix sur demande.</p>
<p>CADEAUX DE BIENVENUE : Kit ménage, Kit SDB. Alèzes jetables / Animaux Interdits &#8211; Non fumeurs</p>

<p>Au cœur du village des Gets, appartement de 85 m² entièrement rénové, situé au deuxième étage avec ascenseur, bénéficiant d&#8217;un balcon exposé sud-ouest et sud-est, avec vue sur le front de neige. Classé 3 étoiles. Idéalement situé : résidence en face du départ des cours de ski !! Capacité : 7/8 personnes. Adhérent Multipass été [&hellip;]</p>

<!-- This site is optimized with the Yoast SEO plugin v25.6 - https://yoast.com/wordpress/plugins/seo/ -->
<title>Appartement entièrement rénové, au pied des pistes - Agence Immobiliere Les Gets – Agence Immo Select</title>
<meta name="robots" content="index, follow, max-snippet:-1, max-image-preview:large, max-video-preview:-1" />
<link rel="canonical" href="https://www.agenceimmoselect.com/en/lot/appartement-entierement-renove-au-pied-des-pistes/" />
<meta property="og:locale" content="en_US" />
<meta property="og:type" content="article" />
<meta property="og:title" content="Appartement entièrement rénové, au pied des pistes - Agence Immobiliere Les Gets – Agence Immo Select" />
<meta property="og:description" content="Au cœur du village des Gets, appartement de 85 m² entièrement rénové, situé au deuxième étage avec ascenseur, bénéficiant d&#8217;un balcon exposé sud-ouest et sud-est, avec vue sur le front de neige. Classé 3 étoiles. Idéalement situé : résidence en face du départ des cours de ski !! Capacité : 7/8 personnes. Adhérent Multipass été [&hellip;]" />
<meta property="og:url" content="https://www.agenceimmoselect.com/en/lot/appartement-entierement-renove-au-pied-des-pistes/" />
<meta property="og:site_name" content="Agence Immobiliere Les Gets – Agence Immo Select" />
<meta property="article:modified_time" content="2026-05-01T03:20:31+00:00" />
<meta name="twitter:card" content="summary_large_image" />
<meta name="twitter:label1" content="Est. reading time" />
	<meta name="twitter:data1" content="2 minutes" />
<script type="application/ld+json" class="yoast-schema-graph">{"@context":"https://schema.org","@graph":[{"@type":"WebPage","@id":"https://www.agenceimmoselect.com/en/lot/appartement-entierement-renove-au-pied-des-pistes/","url":"https://www.agenceimmoselect.com/en/lot/appartement-entierement-renove-au-pied-des-pistes/","name":"Appartement entièrement rénové, au pied des pistes - Agence Immobiliere Les Gets – Agence Immo Select","isPartOf":{"@id":"https://www.agenceimmoselect.com/en/#website"},"datePublished":"2024-06-13T08:53:49+00:00","dateModified":"2026-05-01T03:20:31+00:00","breadcrumb":{"@id":"https://www.agenceimmoselect.com/en/lot/appartement-entierement-renove-au-pied-des-pistes/#breadcrumb"},"inLanguage":"en-US","potentialAction":[{"@type":"ReadAction","target":["https://www.agenceimmoselect.com/en/lot/appartement-entierement-renove-au-pied-des-pistes/"]}]},{"@type":"BreadcrumbList","@id":"https://www.agenceimmoselect.com/en/lot/appartement-entierement-renove-au-pied-des-pistes/#breadcrumb","itemListElement":[{"@type":"ListItem","position":1,"name":"Accueil","item":"https://www.agenceimmoselect.com/en/"},{"@type":"ListItem","position":2,"name":"Lots","item":"https://www.agenceimmoselect.com/en/lot/"},{"@type":"ListItem","position":3,"name":"Appartement entièrement rénové, au pied des pistes"}]},{"@type":"WebSite","@id":"https://www.agenceimmoselect.com/en/#website","url":"https://www.agenceimmoselect.com/en/","name":"Agence Immo'Select - Les Gets","description":"","publisher":{"@id":"https://www.agenceimmoselect.com/en/#organization"},"potentialAction":[{"@type":"SearchAction","target":{"@type":"EntryPoint","urlTemplate":"https://www.agenceimmoselect.com/en/?s={search_term_string}"},"query-input":{"@type":"PropertyValueSpecification","valueRequired":true,"valueName":"search_term_string"}}],"inLanguage":"en-US"},{"@type":"Organization","@id":"https://www.agenceimmoselect.com/en/#organization","name":"Agence Immo'Select - Les Gets","url":"https://www.agenceimmoselect.com/en/","logo":{"@type":"ImageObject","inLanguage":"en-US","@id":"https://www.agenceimmoselect.com/en/#/schema/logo/image/","url":"https://www.agenceimmoselect.com/wp-content/uploads/2022/06/IMMO-SELECT_Logo_RVB_Fond-bleu.jpg","contentUrl":"https://www.agenceimmoselect.com/wp-content/uploads/2022/06/IMMO-SELECT_Logo_RVB_Fond-bleu.jpg","width":1783,"height":1481,"caption":"Agence Immo'Select - Les Gets"},"image":{"@id":"https://www.agenceimmoselect.com/en/#/schema/logo/image/"}}]}</script>
<!-- / Yoast SEO plugin. -->

Appartement entièrement rénové, au pied des pistes - Agence Immobiliere Les Gets – Agence Immo Select

Au cœur du village des Gets, appartement de 85 m² entièrement rénové, situé au deuxième étage avec ascenseur, bénéficiant d&#8217;un balcon exposé sud-ouest et sud-est, avec vue sur le front de neige. Classé 3 étoiles. Idéalement situé : résidence en face du départ des cours de ski !! Capacité : 7/8 personnes. Adhérent Multipass été [&hellip;]
