{"id":696428,"date":"2024-06-13T10:56:34","date_gmt":"2024-06-13T08:56:34","guid":{"rendered":"http:\/\/pith8215.odns.fr\/lot\/vivez-un-sejour-de-charme-dans-cet-appartement-sous-toit\/"},"modified":"2026-05-01T05:30:45","modified_gmt":"2026-05-01T03:30:45","slug":"vivez-un-sejour-de-charme-dans-cet-appartement-sous-toit","status":"publish","type":"lot","link":"https:\/\/www.agenceimmoselect.com\/en\/lot\/vivez-un-sejour-de-charme-dans-cet-appartement-sous-toit\/","title":{"rendered":"Vivez un s\u00e9jour de charme dans cet appartement sous toit"},"content":{"rendered":"<p>&#8220;Le Refuge&#8221; voici la d\u00e9finition m\u00eame d&#8217;un logement cocooning, log\u00e9 au coeur des montagnes : Appartement traversant, neuf, esprit chalet avec charpente apparente, d\u00e9cor\u00e9 soigneusement, dans un quartier calme et proche de l&#8217;arr\u00eat navette. Cet appartement dispose de tout l&#8217;\u00e9quipement n\u00e9cessaire pour passer un s\u00e9jour inoubliable.<br \/>\nCapacit\u00e9 : 6 personnes. <\/p>\n<p>DESCRIPTION :<br \/>\nAu rez:<br \/>\n&#8211; 1 hall d&#8217;entr\u00e9e avec placard de rangement<\/p>\n<p>Premier \u00e9tage:<br \/>\n&#8211; 1 chambre master en suite avec 1 lit double (160*200cm), placard, TV et bureau, salle d&#8217;eau avec douche, s\u00e8che-serviettes et vasque, acc\u00e8s au balcon nord-est<br \/>\n&#8211; 1 chambre double avec rangement  (140*200cm)<br \/>\n&#8211; 1 salle de bain avec baignoire, double vasque, wc et s\u00e8che serviette<br \/>\n&#8211; 1 wc ind\u00e9pendant<br \/>\n&#8211; 1 chambre avec deux lits superpos\u00e9s (90*200cm)<br \/>\n&#8211; Pi\u00e8ce de vie avec cuisine \u00e9quip\u00e9e, espace repas avec vue, canap\u00e9, television<br \/>\n&#8211; Balcon sud\/ouest avec table haute et plancha <\/p>\n<p>EQUIPEMENTS : Chauffage \u00e9lectrique au sol,  t\u00e9l\u00e9visions, lave-vaisselle, lave-linge , plaques \u00e0 induction, bouilloire,four + micro-ondes, cafeti\u00e8re Tassimo,  appareils \u00e0 raclette et fondue, table et fer \u00e0 repasser, s\u00e8che-cheveux, aspirateur, wifi<br \/>\nANNEXES : 2 places de parking couvertes situ\u00e9es au sous-sol de la r\u00e9sidence (hauteur porte principale \u00e0 1.90m), 1 casier \u00e0 ski <\/p>\n<p>SERVICES INCLUS HIVER\/ETE: M\u00e9nage fin de s\u00e9jour, Linge de maison (draps, taies d&#8217;oreiller, housse de couette), Serviettes et tapis de bain, lits faits \u00e0 votre arriv\u00e9e. Possibilit\u00e9 de commander une\/des prestations de m\u00e9nage et de blanchisserie pendant votre s\u00e9jour.<br \/>\nLocation de peignoir en option.<\/p>\n<p>ASSURANCE ANNULATION de s\u00e9jour \u00e0 la charge du locataire sur demande<\/p>\n<p>Kit de Bienvenue : Kit m\u00e9nage, Kit SDB. Al\u00e8zes jetables \/ Animaux interdits &#8211; Non fumeurs.<\/p>\n","protected":false},"excerpt":{"rendered":"<p>&#8220;Le Refuge&#8221; voici la d\u00e9finition m\u00eame d&#8217;un logement cocooning, log\u00e9 au coeur des montagnes : Appartement traversant, neuf, esprit chalet avec charpente apparente, d\u00e9cor\u00e9 soigneusement, dans un quartier calme et proche de l&#8217;arr\u00eat navette. Cet appartement dispose de tout l&#8217;\u00e9quipement n\u00e9cessaire pour passer un s\u00e9jour inoubliable. Capacit\u00e9 : 6 personnes. DESCRIPTION : Au rez: &#8211; [&hellip;]<\/p>\n","protected":false},"author":1,"featured_media":0,"comment_status":"closed","ping_status":"closed","template":"","class_list":["post-696428","lot","type-lot","status-publish","hentry"],"acf":[],"yoast_head":"<!-- This site is optimized with the Yoast SEO plugin v25.6 - https:\/\/yoast.com\/wordpress\/plugins\/seo\/ -->\n<title>Vivez un s\u00e9jour de charme dans cet appartement sous toit - Agence Immobiliere Les Gets \u2013 Agence Immo Select<\/title>\n<meta name=\"robots\" content=\"index, follow, max-snippet:-1, max-image-preview:large, max-video-preview:-1\" \/>\n<link rel=\"canonical\" href=\"https:\/\/www.agenceimmoselect.com\/en\/lot\/vivez-un-sejour-de-charme-dans-cet-appartement-sous-toit\/\" \/>\n<meta property=\"og:locale\" content=\"en_US\" \/>\n<meta property=\"og:type\" content=\"article\" \/>\n<meta property=\"og:title\" content=\"Vivez un s\u00e9jour de charme dans cet appartement sous toit - Agence Immobiliere Les Gets \u2013 Agence Immo Select\" \/>\n<meta property=\"og:description\" content=\"&#8220;Le Refuge&#8221; voici la d\u00e9finition m\u00eame d&#8217;un logement cocooning, log\u00e9 au coeur des montagnes : Appartement traversant, neuf, esprit chalet avec charpente apparente, d\u00e9cor\u00e9 soigneusement, dans un quartier calme et proche de l&#8217;arr\u00eat navette. Cet appartement dispose de tout l&#8217;\u00e9quipement n\u00e9cessaire pour passer un s\u00e9jour inoubliable. Capacit\u00e9 : 6 personnes. DESCRIPTION : Au rez: &#8211; [&hellip;]\" \/>\n<meta property=\"og:url\" content=\"https:\/\/www.agenceimmoselect.com\/en\/lot\/vivez-un-sejour-de-charme-dans-cet-appartement-sous-toit\/\" \/>\n<meta property=\"og:site_name\" content=\"Agence Immobiliere Les Gets \u2013 Agence Immo Select\" \/>\n<meta property=\"article:modified_time\" content=\"2026-05-01T03:30:45+00:00\" \/>\n<meta name=\"twitter:card\" content=\"summary_large_image\" \/>\n<meta name=\"twitter:label1\" content=\"Est. reading time\" \/>\n\t<meta name=\"twitter:data1\" content=\"1 minute\" \/>\n<script type=\"application\/ld+json\" class=\"yoast-schema-graph\">{\"@context\":\"https:\/\/schema.org\",\"@graph\":[{\"@type\":\"WebPage\",\"@id\":\"https:\/\/www.agenceimmoselect.com\/en\/lot\/vivez-un-sejour-de-charme-dans-cet-appartement-sous-toit\/\",\"url\":\"https:\/\/www.agenceimmoselect.com\/en\/lot\/vivez-un-sejour-de-charme-dans-cet-appartement-sous-toit\/\",\"name\":\"Vivez un s\u00e9jour de charme dans cet appartement sous toit - Agence Immobiliere Les Gets \u2013 Agence Immo Select\",\"isPartOf\":{\"@id\":\"https:\/\/www.agenceimmoselect.com\/en\/#website\"},\"datePublished\":\"2024-06-13T08:56:34+00:00\",\"dateModified\":\"2026-05-01T03:30:45+00:00\",\"breadcrumb\":{\"@id\":\"https:\/\/www.agenceimmoselect.com\/en\/lot\/vivez-un-sejour-de-charme-dans-cet-appartement-sous-toit\/#breadcrumb\"},\"inLanguage\":\"en-US\",\"potentialAction\":[{\"@type\":\"ReadAction\",\"target\":[\"https:\/\/www.agenceimmoselect.com\/en\/lot\/vivez-un-sejour-de-charme-dans-cet-appartement-sous-toit\/\"]}]},{\"@type\":\"BreadcrumbList\",\"@id\":\"https:\/\/www.agenceimmoselect.com\/en\/lot\/vivez-un-sejour-de-charme-dans-cet-appartement-sous-toit\/#breadcrumb\",\"itemListElement\":[{\"@type\":\"ListItem\",\"position\":1,\"name\":\"Accueil\",\"item\":\"https:\/\/www.agenceimmoselect.com\/en\/\"},{\"@type\":\"ListItem\",\"position\":2,\"name\":\"Lots\",\"item\":\"https:\/\/www.agenceimmoselect.com\/en\/lot\/\"},{\"@type\":\"ListItem\",\"position\":3,\"name\":\"Vivez un s\u00e9jour de charme dans cet appartement sous toit\"}]},{\"@type\":\"WebSite\",\"@id\":\"https:\/\/www.agenceimmoselect.com\/en\/#website\",\"url\":\"https:\/\/www.agenceimmoselect.com\/en\/\",\"name\":\"Agence Immo'Select - Les Gets\",\"description\":\"\",\"publisher\":{\"@id\":\"https:\/\/www.agenceimmoselect.com\/en\/#organization\"},\"potentialAction\":[{\"@type\":\"SearchAction\",\"target\":{\"@type\":\"EntryPoint\",\"urlTemplate\":\"https:\/\/www.agenceimmoselect.com\/en\/?s={search_term_string}\"},\"query-input\":{\"@type\":\"PropertyValueSpecification\",\"valueRequired\":true,\"valueName\":\"search_term_string\"}}],\"inLanguage\":\"en-US\"},{\"@type\":\"Organization\",\"@id\":\"https:\/\/www.agenceimmoselect.com\/en\/#organization\",\"name\":\"Agence Immo'Select - Les Gets\",\"url\":\"https:\/\/www.agenceimmoselect.com\/en\/\",\"logo\":{\"@type\":\"ImageObject\",\"inLanguage\":\"en-US\",\"@id\":\"https:\/\/www.agenceimmoselect.com\/en\/#\/schema\/logo\/image\/\",\"url\":\"https:\/\/www.agenceimmoselect.com\/wp-content\/uploads\/2022\/06\/IMMO-SELECT_Logo_RVB_Fond-bleu.jpg\",\"contentUrl\":\"https:\/\/www.agenceimmoselect.com\/wp-content\/uploads\/2022\/06\/IMMO-SELECT_Logo_RVB_Fond-bleu.jpg\",\"width\":1783,\"height\":1481,\"caption\":\"Agence Immo'Select - Les Gets\"},\"image\":{\"@id\":\"https:\/\/www.agenceimmoselect.com\/en\/#\/schema\/logo\/image\/\"}}]}<\/script>\n<!-- \/ Yoast SEO plugin. -->","yoast_head_json":{"title":"Vivez un s\u00e9jour de charme dans cet appartement sous toit - Agence Immobiliere Les Gets \u2013 Agence Immo Select","robots":{"index":"index","follow":"follow","max-snippet":"max-snippet:-1","max-image-preview":"max-image-preview:large","max-video-preview":"max-video-preview:-1"},"canonical":"https:\/\/www.agenceimmoselect.com\/en\/lot\/vivez-un-sejour-de-charme-dans-cet-appartement-sous-toit\/","og_locale":"en_US","og_type":"article","og_title":"Vivez un s\u00e9jour de charme dans cet appartement sous toit - Agence Immobiliere Les Gets \u2013 Agence Immo Select","og_description":"&#8220;Le Refuge&#8221; voici la d\u00e9finition m\u00eame d&#8217;un logement cocooning, log\u00e9 au coeur des montagnes : Appartement traversant, neuf, esprit chalet avec charpente apparente, d\u00e9cor\u00e9 soigneusement, dans un quartier calme et proche de l&#8217;arr\u00eat navette. Cet appartement dispose de tout l&#8217;\u00e9quipement n\u00e9cessaire pour passer un s\u00e9jour inoubliable. Capacit\u00e9 : 6 personnes. DESCRIPTION : Au rez: &#8211; [&hellip;]","og_url":"https:\/\/www.agenceimmoselect.com\/en\/lot\/vivez-un-sejour-de-charme-dans-cet-appartement-sous-toit\/","og_site_name":"Agence Immobiliere Les Gets \u2013 Agence Immo Select","article_modified_time":"2026-05-01T03:30:45+00:00","twitter_card":"summary_large_image","twitter_misc":{"Est. reading time":"1 minute"},"schema":{"@context":"https:\/\/schema.org","@graph":[{"@type":"WebPage","@id":"https:\/\/www.agenceimmoselect.com\/en\/lot\/vivez-un-sejour-de-charme-dans-cet-appartement-sous-toit\/","url":"https:\/\/www.agenceimmoselect.com\/en\/lot\/vivez-un-sejour-de-charme-dans-cet-appartement-sous-toit\/","name":"Vivez un s\u00e9jour de charme dans cet appartement sous toit - Agence Immobiliere Les Gets \u2013 Agence Immo Select","isPartOf":{"@id":"https:\/\/www.agenceimmoselect.com\/en\/#website"},"datePublished":"2024-06-13T08:56:34+00:00","dateModified":"2026-05-01T03:30:45+00:00","breadcrumb":{"@id":"https:\/\/www.agenceimmoselect.com\/en\/lot\/vivez-un-sejour-de-charme-dans-cet-appartement-sous-toit\/#breadcrumb"},"inLanguage":"en-US","potentialAction":[{"@type":"ReadAction","target":["https:\/\/www.agenceimmoselect.com\/en\/lot\/vivez-un-sejour-de-charme-dans-cet-appartement-sous-toit\/"]}]},{"@type":"BreadcrumbList","@id":"https:\/\/www.agenceimmoselect.com\/en\/lot\/vivez-un-sejour-de-charme-dans-cet-appartement-sous-toit\/#breadcrumb","itemListElement":[{"@type":"ListItem","position":1,"name":"Accueil","item":"https:\/\/www.agenceimmoselect.com\/en\/"},{"@type":"ListItem","position":2,"name":"Lots","item":"https:\/\/www.agenceimmoselect.com\/en\/lot\/"},{"@type":"ListItem","position":3,"name":"Vivez un s\u00e9jour de charme dans cet appartement sous toit"}]},{"@type":"WebSite","@id":"https:\/\/www.agenceimmoselect.com\/en\/#website","url":"https:\/\/www.agenceimmoselect.com\/en\/","name":"Agence Immo'Select - Les Gets","description":"","publisher":{"@id":"https:\/\/www.agenceimmoselect.com\/en\/#organization"},"potentialAction":[{"@type":"SearchAction","target":{"@type":"EntryPoint","urlTemplate":"https:\/\/www.agenceimmoselect.com\/en\/?s={search_term_string}"},"query-input":{"@type":"PropertyValueSpecification","valueRequired":true,"valueName":"search_term_string"}}],"inLanguage":"en-US"},{"@type":"Organization","@id":"https:\/\/www.agenceimmoselect.com\/en\/#organization","name":"Agence Immo'Select - Les Gets","url":"https:\/\/www.agenceimmoselect.com\/en\/","logo":{"@type":"ImageObject","inLanguage":"en-US","@id":"https:\/\/www.agenceimmoselect.com\/en\/#\/schema\/logo\/image\/","url":"https:\/\/www.agenceimmoselect.com\/wp-content\/uploads\/2022\/06\/IMMO-SELECT_Logo_RVB_Fond-bleu.jpg","contentUrl":"https:\/\/www.agenceimmoselect.com\/wp-content\/uploads\/2022\/06\/IMMO-SELECT_Logo_RVB_Fond-bleu.jpg","width":1783,"height":1481,"caption":"Agence Immo'Select - Les Gets"},"image":{"@id":"https:\/\/www.agenceimmoselect.com\/en\/#\/schema\/logo\/image\/"}}]}},"_links":{"self":[{"href":"https:\/\/www.agenceimmoselect.com\/en\/wp-json\/wp\/v2\/lot\/696428","targetHints":{"allow":["GET"]}}],"collection":[{"href":"https:\/\/www.agenceimmoselect.com\/en\/wp-json\/wp\/v2\/lot"}],"about":[{"href":"https:\/\/www.agenceimmoselect.com\/en\/wp-json\/wp\/v2\/types\/lot"}],"author":[{"embeddable":true,"href":"https:\/\/www.agenceimmoselect.com\/en\/wp-json\/wp\/v2\/users\/1"}],"replies":[{"embeddable":true,"href":"https:\/\/www.agenceimmoselect.com\/en\/wp-json\/wp\/v2\/comments?post=696428"}],"version-history":[{"count":1,"href":"https:\/\/www.agenceimmoselect.com\/en\/wp-json\/wp\/v2\/lot\/696428\/revisions"}],"predecessor-version":[{"id":704353,"href":"https:\/\/www.agenceimmoselect.com\/en\/wp-json\/wp\/v2\/lot\/696428\/revisions\/704353"}],"wp:attachment":[{"href":"https:\/\/www.agenceimmoselect.com\/en\/wp-json\/wp\/v2\/media?parent=696428"}],"curies":[{"name":"wp","href":"https:\/\/api.w.org\/{rel}","templated":true}]}}

Vivez un séjour de charme dans cet appartement sous toit

<p>&#8220;Le Refuge&#8221; voici la définition même d&#8217;un logement cocooning, logé au coeur des montagnes : Appartement traversant, neuf, esprit chalet avec charpente apparente, décoré soigneusement, dans un quartier calme et proche de l&#8217;arrêt navette. Cet appartement dispose de tout l&#8217;équipement nécessaire pour passer un séjour inoubliable.<br />
Capacité : 6 personnes. </p>
<p>DESCRIPTION :<br />
Au rez:<br />
&#8211; 1 hall d&#8217;entrée avec placard de rangement</p>
<p>Premier étage:<br />
&#8211; 1 chambre master en suite avec 1 lit double (160*200cm), placard, TV et bureau, salle d&#8217;eau avec douche, sèche-serviettes et vasque, accès au balcon nord-est<br />
&#8211; 1 chambre double avec rangement  (140*200cm)<br />
&#8211; 1 salle de bain avec baignoire, double vasque, wc et sèche serviette<br />
&#8211; 1 wc indépendant<br />
&#8211; 1 chambre avec deux lits superposés (90*200cm)<br />
&#8211; Pièce de vie avec cuisine équipée, espace repas avec vue, canapé, television<br />
&#8211; Balcon sud/ouest avec table haute et plancha </p>
<p>EQUIPEMENTS : Chauffage électrique au sol,  télévisions, lave-vaisselle, lave-linge , plaques à induction, bouilloire,four + micro-ondes, cafetière Tassimo,  appareils à raclette et fondue, table et fer à repasser, sèche-cheveux, aspirateur, wifi<br />
ANNEXES : 2 places de parking couvertes situées au sous-sol de la résidence (hauteur porte principale à 1.90m), 1 casier à ski </p>
<p>SERVICES INCLUS HIVER/ETE: Ménage fin de séjour, Linge de maison (draps, taies d&#8217;oreiller, housse de couette), Serviettes et tapis de bain, lits faits à votre arrivée. Possibilité de commander une/des prestations de ménage et de blanchisserie pendant votre séjour.<br />
Location de peignoir en option.</p>
<p>ASSURANCE ANNULATION de séjour à la charge du locataire sur demande</p>
<p>Kit de Bienvenue : Kit ménage, Kit SDB. Alèzes jetables / Animaux interdits &#8211; Non fumeurs.</p>

<p>&#8220;Le Refuge&#8221; voici la définition même d&#8217;un logement cocooning, logé au coeur des montagnes : Appartement traversant, neuf, esprit chalet avec charpente apparente, décoré soigneusement, dans un quartier calme et proche de l&#8217;arrêt navette. Cet appartement dispose de tout l&#8217;équipement nécessaire pour passer un séjour inoubliable. Capacité : 6 personnes. DESCRIPTION : Au rez: &#8211; [&hellip;]</p>

<!-- This site is optimized with the Yoast SEO plugin v25.6 - https://yoast.com/wordpress/plugins/seo/ -->
<title>Vivez un séjour de charme dans cet appartement sous toit - Agence Immobiliere Les Gets – Agence Immo Select</title>
<meta name="robots" content="index, follow, max-snippet:-1, max-image-preview:large, max-video-preview:-1" />
<link rel="canonical" href="https://www.agenceimmoselect.com/en/lot/vivez-un-sejour-de-charme-dans-cet-appartement-sous-toit/" />
<meta property="og:locale" content="en_US" />
<meta property="og:type" content="article" />
<meta property="og:title" content="Vivez un séjour de charme dans cet appartement sous toit - Agence Immobiliere Les Gets – Agence Immo Select" />
<meta property="og:description" content="&#8220;Le Refuge&#8221; voici la définition même d&#8217;un logement cocooning, logé au coeur des montagnes : Appartement traversant, neuf, esprit chalet avec charpente apparente, décoré soigneusement, dans un quartier calme et proche de l&#8217;arrêt navette. Cet appartement dispose de tout l&#8217;équipement nécessaire pour passer un séjour inoubliable. Capacité : 6 personnes. DESCRIPTION : Au rez: &#8211; [&hellip;]" />
<meta property="og:url" content="https://www.agenceimmoselect.com/en/lot/vivez-un-sejour-de-charme-dans-cet-appartement-sous-toit/" />
<meta property="og:site_name" content="Agence Immobiliere Les Gets – Agence Immo Select" />
<meta property="article:modified_time" content="2026-05-01T03:30:45+00:00" />
<meta name="twitter:card" content="summary_large_image" />
<meta name="twitter:label1" content="Est. reading time" />
	<meta name="twitter:data1" content="1 minute" />
<script type="application/ld+json" class="yoast-schema-graph">{"@context":"https://schema.org","@graph":[{"@type":"WebPage","@id":"https://www.agenceimmoselect.com/en/lot/vivez-un-sejour-de-charme-dans-cet-appartement-sous-toit/","url":"https://www.agenceimmoselect.com/en/lot/vivez-un-sejour-de-charme-dans-cet-appartement-sous-toit/","name":"Vivez un séjour de charme dans cet appartement sous toit - Agence Immobiliere Les Gets – Agence Immo Select","isPartOf":{"@id":"https://www.agenceimmoselect.com/en/#website"},"datePublished":"2024-06-13T08:56:34+00:00","dateModified":"2026-05-01T03:30:45+00:00","breadcrumb":{"@id":"https://www.agenceimmoselect.com/en/lot/vivez-un-sejour-de-charme-dans-cet-appartement-sous-toit/#breadcrumb"},"inLanguage":"en-US","potentialAction":[{"@type":"ReadAction","target":["https://www.agenceimmoselect.com/en/lot/vivez-un-sejour-de-charme-dans-cet-appartement-sous-toit/"]}]},{"@type":"BreadcrumbList","@id":"https://www.agenceimmoselect.com/en/lot/vivez-un-sejour-de-charme-dans-cet-appartement-sous-toit/#breadcrumb","itemListElement":[{"@type":"ListItem","position":1,"name":"Accueil","item":"https://www.agenceimmoselect.com/en/"},{"@type":"ListItem","position":2,"name":"Lots","item":"https://www.agenceimmoselect.com/en/lot/"},{"@type":"ListItem","position":3,"name":"Vivez un séjour de charme dans cet appartement sous toit"}]},{"@type":"WebSite","@id":"https://www.agenceimmoselect.com/en/#website","url":"https://www.agenceimmoselect.com/en/","name":"Agence Immo'Select - Les Gets","description":"","publisher":{"@id":"https://www.agenceimmoselect.com/en/#organization"},"potentialAction":[{"@type":"SearchAction","target":{"@type":"EntryPoint","urlTemplate":"https://www.agenceimmoselect.com/en/?s={search_term_string}"},"query-input":{"@type":"PropertyValueSpecification","valueRequired":true,"valueName":"search_term_string"}}],"inLanguage":"en-US"},{"@type":"Organization","@id":"https://www.agenceimmoselect.com/en/#organization","name":"Agence Immo'Select - Les Gets","url":"https://www.agenceimmoselect.com/en/","logo":{"@type":"ImageObject","inLanguage":"en-US","@id":"https://www.agenceimmoselect.com/en/#/schema/logo/image/","url":"https://www.agenceimmoselect.com/wp-content/uploads/2022/06/IMMO-SELECT_Logo_RVB_Fond-bleu.jpg","contentUrl":"https://www.agenceimmoselect.com/wp-content/uploads/2022/06/IMMO-SELECT_Logo_RVB_Fond-bleu.jpg","width":1783,"height":1481,"caption":"Agence Immo'Select - Les Gets"},"image":{"@id":"https://www.agenceimmoselect.com/en/#/schema/logo/image/"}}]}</script>
<!-- / Yoast SEO plugin. -->

Vivez un séjour de charme dans cet appartement sous toit - Agence Immobiliere Les Gets – Agence Immo Select

&#8220;Le Refuge&#8221; voici la définition même d&#8217;un logement cocooning, logé au coeur des montagnes : Appartement traversant, neuf, esprit chalet avec charpente apparente, décoré soigneusement, dans un quartier calme et proche de l&#8217;arrêt navette. Cet appartement dispose de tout l&#8217;équipement nécessaire pour passer un séjour inoubliable. Capacité : 6 personnes. DESCRIPTION : Au rez: &#8211; [&hellip;]
