{"id":696431,"date":"2024-06-13T10:57:00","date_gmt":"2024-06-13T08:57:00","guid":{"rendered":"http:\/\/pith8215.odns.fr\/lot\/bel-appartement-amenage-avec-soin-au-coeur-du-village\/"},"modified":"2026-05-01T05:28:55","modified_gmt":"2026-05-01T03:28:55","slug":"bel-appartement-amenage-avec-soin-au-coeur-du-village","status":"publish","type":"lot","link":"https:\/\/www.agenceimmoselect.com\/en\/lot\/bel-appartement-amenage-avec-soin-au-coeur-du-village\/","title":{"rendered":"Bel appartement am\u00e9nag\u00e9 avec soin, au coeur du village"},"content":{"rendered":"<p>Appartement de standing de 67m\u00b2 situ\u00e9 au coeur de la station dans la nouvelle r\u00e9sidence Le Stella, livr\u00e9e fin 2022, exposition Sud Ouest, premier \u00e9tage (avec ascenseur). Grande terrasse de 13m\u00b2.<br \/>\nCapacit\u00e9 : 6 personnes<br \/>\nAdh\u00e9rent Multipass \u00e9t\u00e9 2024<\/p>\n<p>DESCRIPTION:<br \/>\n&#8211; Un hall d&#8217;entr\u00e9e avec couloir desservant les chambres et salles d&#8217;eau<br \/>\n&#8211; Un salon-s\u00e9jour expos\u00e9 Sud Ouest, tr\u00e8s lumineux, donnant acc\u00e8s \u00e0 la terrasse, ouvert sur le coin cuisine et l&#8217;espace \u00e0 manger<br \/>\n&#8211; Une chambre double parentale \u00e9quip\u00e9e d&#8217;un lit 160cm x 200cm en suite, comprenant une cabine de douche, lavabo, WC et s\u00e8ches serviettes. Rangements et TV<br \/>\n&#8211; Une chambre double \u00e9quip\u00e9e de 2 lits simples (80cm x 200cm) pouvant \u00eatre rapproch\u00e9s pour constituer un lit double de 160cm x 200cm, rangements et TV, acces balcon.<br \/>\n&#8211; Un coin montagne \u00e9quip\u00e9 de 2 lits superpos\u00e9s de 80cm x 190cm, rangements et petit bureau<br \/>\n&#8211; Une salle de bains ind\u00e9pendante avec baignoire et douchette, lavabo, s\u00e8che serviettes<br \/>\n&#8211; Un WC ind\u00e9pendant avec lave mains<\/p>\n<p>EQUIPEMENT : Cuisine enti\u00e8rement \u00e9quip\u00e9e avec four int\u00e9gr\u00e9 avec fonction micro-ondes, 3 plaques \u00e0 induction, lave-vaisselle, r\u00e9frig\u00e9rateur\/cong\u00e9lateur, lave-linge s\u00e9chant, bouilloire, grille-pain, table et chaises de terrasse, Wifi<br \/>\nDisponible dans la r\u00e9sidence : sauna, hammam et fitness collectifs.<\/p>\n<p>ANNEXES : 2 places de parking, 1 casier \u00e0 skis. Local \u00e0 v\u00e9lo collectif (pr\u00e9voir un cadenas)<\/p>\n<p>SERVICES INCLUS HIVER ET ETE :<br \/>\nM\u00e9nage fin de s\u00e9jour, Linge de maison (draps, taies d&#8217;oreiller et housse de couette), Serviettes et tapis de bain. <\/p>\n<p>EN OPTION : Location de peignoir,pr\u00e9paration des lits, panier petit dejeuner, prestations de m\u00e9nage et de blanchisserie interm\u00e9diaires , prix sur demande. <\/p>\n<p>CADEAUX de Bienvenue : Kit m\u00e9nage, Kit SDB. Al\u00e8zes jetables \/ Animaux interdits &#8211; Non fumeurs.<br \/>\nASSURANCE ANNULATION de s\u00e9jour \u00e0 la charge du locataire sur demande<\/p>\n","protected":false},"excerpt":{"rendered":"<p>Appartement de standing de 67m\u00b2 situ\u00e9 au coeur de la station dans la nouvelle r\u00e9sidence Le Stella, livr\u00e9e fin 2022, exposition Sud Ouest, premier \u00e9tage (avec ascenseur). Grande terrasse de 13m\u00b2. Capacit\u00e9 : 6 personnes Adh\u00e9rent Multipass \u00e9t\u00e9 2024 DESCRIPTION: &#8211; Un hall d&#8217;entr\u00e9e avec couloir desservant les chambres et salles d&#8217;eau &#8211; Un salon-s\u00e9jour [&hellip;]<\/p>\n","protected":false},"author":1,"featured_media":0,"comment_status":"closed","ping_status":"closed","template":"","class_list":["post-696431","lot","type-lot","status-publish","hentry"],"acf":[],"yoast_head":"<!-- This site is optimized with the Yoast SEO plugin v25.6 - https:\/\/yoast.com\/wordpress\/plugins\/seo\/ -->\n<title>Bel appartement am\u00e9nag\u00e9 avec soin, au coeur du village - Agence Immobiliere Les Gets \u2013 Agence Immo Select<\/title>\n<meta name=\"robots\" content=\"index, follow, max-snippet:-1, max-image-preview:large, max-video-preview:-1\" \/>\n<link rel=\"canonical\" href=\"https:\/\/www.agenceimmoselect.com\/en\/lot\/bel-appartement-amenage-avec-soin-au-coeur-du-village\/\" \/>\n<meta property=\"og:locale\" content=\"en_US\" \/>\n<meta property=\"og:type\" content=\"article\" \/>\n<meta property=\"og:title\" content=\"Bel appartement am\u00e9nag\u00e9 avec soin, au coeur du village - Agence Immobiliere Les Gets \u2013 Agence Immo Select\" \/>\n<meta property=\"og:description\" content=\"Appartement de standing de 67m\u00b2 situ\u00e9 au coeur de la station dans la nouvelle r\u00e9sidence Le Stella, livr\u00e9e fin 2022, exposition Sud Ouest, premier \u00e9tage (avec ascenseur). Grande terrasse de 13m\u00b2. Capacit\u00e9 : 6 personnes Adh\u00e9rent Multipass \u00e9t\u00e9 2024 DESCRIPTION: &#8211; Un hall d&#8217;entr\u00e9e avec couloir desservant les chambres et salles d&#8217;eau &#8211; Un salon-s\u00e9jour [&hellip;]\" \/>\n<meta property=\"og:url\" content=\"https:\/\/www.agenceimmoselect.com\/en\/lot\/bel-appartement-amenage-avec-soin-au-coeur-du-village\/\" \/>\n<meta property=\"og:site_name\" content=\"Agence Immobiliere Les Gets \u2013 Agence Immo Select\" \/>\n<meta property=\"article:modified_time\" content=\"2026-05-01T03:28:55+00:00\" \/>\n<meta name=\"twitter:card\" content=\"summary_large_image\" \/>\n<meta name=\"twitter:label1\" content=\"Est. reading time\" \/>\n\t<meta name=\"twitter:data1\" content=\"2 minutes\" \/>\n<script type=\"application\/ld+json\" class=\"yoast-schema-graph\">{\"@context\":\"https:\/\/schema.org\",\"@graph\":[{\"@type\":\"WebPage\",\"@id\":\"https:\/\/www.agenceimmoselect.com\/en\/lot\/bel-appartement-amenage-avec-soin-au-coeur-du-village\/\",\"url\":\"https:\/\/www.agenceimmoselect.com\/en\/lot\/bel-appartement-amenage-avec-soin-au-coeur-du-village\/\",\"name\":\"Bel appartement am\u00e9nag\u00e9 avec soin, au coeur du village - Agence Immobiliere Les Gets \u2013 Agence Immo Select\",\"isPartOf\":{\"@id\":\"https:\/\/www.agenceimmoselect.com\/en\/#website\"},\"datePublished\":\"2024-06-13T08:57:00+00:00\",\"dateModified\":\"2026-05-01T03:28:55+00:00\",\"breadcrumb\":{\"@id\":\"https:\/\/www.agenceimmoselect.com\/en\/lot\/bel-appartement-amenage-avec-soin-au-coeur-du-village\/#breadcrumb\"},\"inLanguage\":\"en-US\",\"potentialAction\":[{\"@type\":\"ReadAction\",\"target\":[\"https:\/\/www.agenceimmoselect.com\/en\/lot\/bel-appartement-amenage-avec-soin-au-coeur-du-village\/\"]}]},{\"@type\":\"BreadcrumbList\",\"@id\":\"https:\/\/www.agenceimmoselect.com\/en\/lot\/bel-appartement-amenage-avec-soin-au-coeur-du-village\/#breadcrumb\",\"itemListElement\":[{\"@type\":\"ListItem\",\"position\":1,\"name\":\"Accueil\",\"item\":\"https:\/\/www.agenceimmoselect.com\/en\/\"},{\"@type\":\"ListItem\",\"position\":2,\"name\":\"Lots\",\"item\":\"https:\/\/www.agenceimmoselect.com\/en\/lot\/\"},{\"@type\":\"ListItem\",\"position\":3,\"name\":\"Bel appartement am\u00e9nag\u00e9 avec soin, au coeur du village\"}]},{\"@type\":\"WebSite\",\"@id\":\"https:\/\/www.agenceimmoselect.com\/en\/#website\",\"url\":\"https:\/\/www.agenceimmoselect.com\/en\/\",\"name\":\"Agence Immo'Select - Les Gets\",\"description\":\"\",\"publisher\":{\"@id\":\"https:\/\/www.agenceimmoselect.com\/en\/#organization\"},\"potentialAction\":[{\"@type\":\"SearchAction\",\"target\":{\"@type\":\"EntryPoint\",\"urlTemplate\":\"https:\/\/www.agenceimmoselect.com\/en\/?s={search_term_string}\"},\"query-input\":{\"@type\":\"PropertyValueSpecification\",\"valueRequired\":true,\"valueName\":\"search_term_string\"}}],\"inLanguage\":\"en-US\"},{\"@type\":\"Organization\",\"@id\":\"https:\/\/www.agenceimmoselect.com\/en\/#organization\",\"name\":\"Agence Immo'Select - Les Gets\",\"url\":\"https:\/\/www.agenceimmoselect.com\/en\/\",\"logo\":{\"@type\":\"ImageObject\",\"inLanguage\":\"en-US\",\"@id\":\"https:\/\/www.agenceimmoselect.com\/en\/#\/schema\/logo\/image\/\",\"url\":\"https:\/\/www.agenceimmoselect.com\/wp-content\/uploads\/2022\/06\/IMMO-SELECT_Logo_RVB_Fond-bleu.jpg\",\"contentUrl\":\"https:\/\/www.agenceimmoselect.com\/wp-content\/uploads\/2022\/06\/IMMO-SELECT_Logo_RVB_Fond-bleu.jpg\",\"width\":1783,\"height\":1481,\"caption\":\"Agence Immo'Select - Les Gets\"},\"image\":{\"@id\":\"https:\/\/www.agenceimmoselect.com\/en\/#\/schema\/logo\/image\/\"}}]}<\/script>\n<!-- \/ Yoast SEO plugin. -->","yoast_head_json":{"title":"Bel appartement am\u00e9nag\u00e9 avec soin, au coeur du village - Agence Immobiliere Les Gets \u2013 Agence Immo Select","robots":{"index":"index","follow":"follow","max-snippet":"max-snippet:-1","max-image-preview":"max-image-preview:large","max-video-preview":"max-video-preview:-1"},"canonical":"https:\/\/www.agenceimmoselect.com\/en\/lot\/bel-appartement-amenage-avec-soin-au-coeur-du-village\/","og_locale":"en_US","og_type":"article","og_title":"Bel appartement am\u00e9nag\u00e9 avec soin, au coeur du village - Agence Immobiliere Les Gets \u2013 Agence Immo Select","og_description":"Appartement de standing de 67m\u00b2 situ\u00e9 au coeur de la station dans la nouvelle r\u00e9sidence Le Stella, livr\u00e9e fin 2022, exposition Sud Ouest, premier \u00e9tage (avec ascenseur). Grande terrasse de 13m\u00b2. Capacit\u00e9 : 6 personnes Adh\u00e9rent Multipass \u00e9t\u00e9 2024 DESCRIPTION: &#8211; Un hall d&#8217;entr\u00e9e avec couloir desservant les chambres et salles d&#8217;eau &#8211; Un salon-s\u00e9jour [&hellip;]","og_url":"https:\/\/www.agenceimmoselect.com\/en\/lot\/bel-appartement-amenage-avec-soin-au-coeur-du-village\/","og_site_name":"Agence Immobiliere Les Gets \u2013 Agence Immo Select","article_modified_time":"2026-05-01T03:28:55+00:00","twitter_card":"summary_large_image","twitter_misc":{"Est. reading time":"2 minutes"},"schema":{"@context":"https:\/\/schema.org","@graph":[{"@type":"WebPage","@id":"https:\/\/www.agenceimmoselect.com\/en\/lot\/bel-appartement-amenage-avec-soin-au-coeur-du-village\/","url":"https:\/\/www.agenceimmoselect.com\/en\/lot\/bel-appartement-amenage-avec-soin-au-coeur-du-village\/","name":"Bel appartement am\u00e9nag\u00e9 avec soin, au coeur du village - Agence Immobiliere Les Gets \u2013 Agence Immo Select","isPartOf":{"@id":"https:\/\/www.agenceimmoselect.com\/en\/#website"},"datePublished":"2024-06-13T08:57:00+00:00","dateModified":"2026-05-01T03:28:55+00:00","breadcrumb":{"@id":"https:\/\/www.agenceimmoselect.com\/en\/lot\/bel-appartement-amenage-avec-soin-au-coeur-du-village\/#breadcrumb"},"inLanguage":"en-US","potentialAction":[{"@type":"ReadAction","target":["https:\/\/www.agenceimmoselect.com\/en\/lot\/bel-appartement-amenage-avec-soin-au-coeur-du-village\/"]}]},{"@type":"BreadcrumbList","@id":"https:\/\/www.agenceimmoselect.com\/en\/lot\/bel-appartement-amenage-avec-soin-au-coeur-du-village\/#breadcrumb","itemListElement":[{"@type":"ListItem","position":1,"name":"Accueil","item":"https:\/\/www.agenceimmoselect.com\/en\/"},{"@type":"ListItem","position":2,"name":"Lots","item":"https:\/\/www.agenceimmoselect.com\/en\/lot\/"},{"@type":"ListItem","position":3,"name":"Bel appartement am\u00e9nag\u00e9 avec soin, au coeur du village"}]},{"@type":"WebSite","@id":"https:\/\/www.agenceimmoselect.com\/en\/#website","url":"https:\/\/www.agenceimmoselect.com\/en\/","name":"Agence Immo'Select - Les Gets","description":"","publisher":{"@id":"https:\/\/www.agenceimmoselect.com\/en\/#organization"},"potentialAction":[{"@type":"SearchAction","target":{"@type":"EntryPoint","urlTemplate":"https:\/\/www.agenceimmoselect.com\/en\/?s={search_term_string}"},"query-input":{"@type":"PropertyValueSpecification","valueRequired":true,"valueName":"search_term_string"}}],"inLanguage":"en-US"},{"@type":"Organization","@id":"https:\/\/www.agenceimmoselect.com\/en\/#organization","name":"Agence Immo'Select - Les Gets","url":"https:\/\/www.agenceimmoselect.com\/en\/","logo":{"@type":"ImageObject","inLanguage":"en-US","@id":"https:\/\/www.agenceimmoselect.com\/en\/#\/schema\/logo\/image\/","url":"https:\/\/www.agenceimmoselect.com\/wp-content\/uploads\/2022\/06\/IMMO-SELECT_Logo_RVB_Fond-bleu.jpg","contentUrl":"https:\/\/www.agenceimmoselect.com\/wp-content\/uploads\/2022\/06\/IMMO-SELECT_Logo_RVB_Fond-bleu.jpg","width":1783,"height":1481,"caption":"Agence Immo'Select - Les Gets"},"image":{"@id":"https:\/\/www.agenceimmoselect.com\/en\/#\/schema\/logo\/image\/"}}]}},"_links":{"self":[{"href":"https:\/\/www.agenceimmoselect.com\/en\/wp-json\/wp\/v2\/lot\/696431","targetHints":{"allow":["GET"]}}],"collection":[{"href":"https:\/\/www.agenceimmoselect.com\/en\/wp-json\/wp\/v2\/lot"}],"about":[{"href":"https:\/\/www.agenceimmoselect.com\/en\/wp-json\/wp\/v2\/types\/lot"}],"author":[{"embeddable":true,"href":"https:\/\/www.agenceimmoselect.com\/en\/wp-json\/wp\/v2\/users\/1"}],"replies":[{"embeddable":true,"href":"https:\/\/www.agenceimmoselect.com\/en\/wp-json\/wp\/v2\/comments?post=696431"}],"version-history":[{"count":1,"href":"https:\/\/www.agenceimmoselect.com\/en\/wp-json\/wp\/v2\/lot\/696431\/revisions"}],"predecessor-version":[{"id":704422,"href":"https:\/\/www.agenceimmoselect.com\/en\/wp-json\/wp\/v2\/lot\/696431\/revisions\/704422"}],"wp:attachment":[{"href":"https:\/\/www.agenceimmoselect.com\/en\/wp-json\/wp\/v2\/media?parent=696431"}],"curies":[{"name":"wp","href":"https:\/\/api.w.org\/{rel}","templated":true}]}}

Bel appartement aménagé avec soin, au coeur du village

<p>Appartement de standing de 67m² situé au coeur de la station dans la nouvelle résidence Le Stella, livrée fin 2022, exposition Sud Ouest, premier étage (avec ascenseur). Grande terrasse de 13m².<br />
Capacité : 6 personnes<br />
Adhérent Multipass été 2024</p>
<p>DESCRIPTION:<br />
&#8211; Un hall d&#8217;entrée avec couloir desservant les chambres et salles d&#8217;eau<br />
&#8211; Un salon-séjour exposé Sud Ouest, très lumineux, donnant accès à la terrasse, ouvert sur le coin cuisine et l&#8217;espace à manger<br />
&#8211; Une chambre double parentale équipée d&#8217;un lit 160cm x 200cm en suite, comprenant une cabine de douche, lavabo, WC et sèches serviettes. Rangements et TV<br />
&#8211; Une chambre double équipée de 2 lits simples (80cm x 200cm) pouvant être rapprochés pour constituer un lit double de 160cm x 200cm, rangements et TV, acces balcon.<br />
&#8211; Un coin montagne équipé de 2 lits superposés de 80cm x 190cm, rangements et petit bureau<br />
&#8211; Une salle de bains indépendante avec baignoire et douchette, lavabo, sèche serviettes<br />
&#8211; Un WC indépendant avec lave mains</p>
<p>EQUIPEMENT : Cuisine entièrement équipée avec four intégré avec fonction micro-ondes, 3 plaques à induction, lave-vaisselle, réfrigérateur/congélateur, lave-linge séchant, bouilloire, grille-pain, table et chaises de terrasse, Wifi<br />
Disponible dans la résidence : sauna, hammam et fitness collectifs.</p>
<p>ANNEXES : 2 places de parking, 1 casier à skis. Local à vélo collectif (prévoir un cadenas)</p>
<p>SERVICES INCLUS HIVER ET ETE :<br />
Ménage fin de séjour, Linge de maison (draps, taies d&#8217;oreiller et housse de couette), Serviettes et tapis de bain. </p>
<p>EN OPTION : Location de peignoir,préparation des lits, panier petit dejeuner, prestations de ménage et de blanchisserie intermédiaires , prix sur demande. </p>
<p>CADEAUX de Bienvenue : Kit ménage, Kit SDB. Alèzes jetables / Animaux interdits &#8211; Non fumeurs.<br />
ASSURANCE ANNULATION de séjour à la charge du locataire sur demande</p>

<p>Appartement de standing de 67m² situé au coeur de la station dans la nouvelle résidence Le Stella, livrée fin 2022, exposition Sud Ouest, premier étage (avec ascenseur). Grande terrasse de 13m². Capacité : 6 personnes Adhérent Multipass été 2024 DESCRIPTION: &#8211; Un hall d&#8217;entrée avec couloir desservant les chambres et salles d&#8217;eau &#8211; Un salon-séjour [&hellip;]</p>

<!-- This site is optimized with the Yoast SEO plugin v25.6 - https://yoast.com/wordpress/plugins/seo/ -->
<title>Bel appartement aménagé avec soin, au coeur du village - Agence Immobiliere Les Gets – Agence Immo Select</title>
<meta name="robots" content="index, follow, max-snippet:-1, max-image-preview:large, max-video-preview:-1" />
<link rel="canonical" href="https://www.agenceimmoselect.com/en/lot/bel-appartement-amenage-avec-soin-au-coeur-du-village/" />
<meta property="og:locale" content="en_US" />
<meta property="og:type" content="article" />
<meta property="og:title" content="Bel appartement aménagé avec soin, au coeur du village - Agence Immobiliere Les Gets – Agence Immo Select" />
<meta property="og:description" content="Appartement de standing de 67m² situé au coeur de la station dans la nouvelle résidence Le Stella, livrée fin 2022, exposition Sud Ouest, premier étage (avec ascenseur). Grande terrasse de 13m². Capacité : 6 personnes Adhérent Multipass été 2024 DESCRIPTION: &#8211; Un hall d&#8217;entrée avec couloir desservant les chambres et salles d&#8217;eau &#8211; Un salon-séjour [&hellip;]" />
<meta property="og:url" content="https://www.agenceimmoselect.com/en/lot/bel-appartement-amenage-avec-soin-au-coeur-du-village/" />
<meta property="og:site_name" content="Agence Immobiliere Les Gets – Agence Immo Select" />
<meta property="article:modified_time" content="2026-05-01T03:28:55+00:00" />
<meta name="twitter:card" content="summary_large_image" />
<meta name="twitter:label1" content="Est. reading time" />
	<meta name="twitter:data1" content="2 minutes" />
<script type="application/ld+json" class="yoast-schema-graph">{"@context":"https://schema.org","@graph":[{"@type":"WebPage","@id":"https://www.agenceimmoselect.com/en/lot/bel-appartement-amenage-avec-soin-au-coeur-du-village/","url":"https://www.agenceimmoselect.com/en/lot/bel-appartement-amenage-avec-soin-au-coeur-du-village/","name":"Bel appartement aménagé avec soin, au coeur du village - Agence Immobiliere Les Gets – Agence Immo Select","isPartOf":{"@id":"https://www.agenceimmoselect.com/en/#website"},"datePublished":"2024-06-13T08:57:00+00:00","dateModified":"2026-05-01T03:28:55+00:00","breadcrumb":{"@id":"https://www.agenceimmoselect.com/en/lot/bel-appartement-amenage-avec-soin-au-coeur-du-village/#breadcrumb"},"inLanguage":"en-US","potentialAction":[{"@type":"ReadAction","target":["https://www.agenceimmoselect.com/en/lot/bel-appartement-amenage-avec-soin-au-coeur-du-village/"]}]},{"@type":"BreadcrumbList","@id":"https://www.agenceimmoselect.com/en/lot/bel-appartement-amenage-avec-soin-au-coeur-du-village/#breadcrumb","itemListElement":[{"@type":"ListItem","position":1,"name":"Accueil","item":"https://www.agenceimmoselect.com/en/"},{"@type":"ListItem","position":2,"name":"Lots","item":"https://www.agenceimmoselect.com/en/lot/"},{"@type":"ListItem","position":3,"name":"Bel appartement aménagé avec soin, au coeur du village"}]},{"@type":"WebSite","@id":"https://www.agenceimmoselect.com/en/#website","url":"https://www.agenceimmoselect.com/en/","name":"Agence Immo'Select - Les Gets","description":"","publisher":{"@id":"https://www.agenceimmoselect.com/en/#organization"},"potentialAction":[{"@type":"SearchAction","target":{"@type":"EntryPoint","urlTemplate":"https://www.agenceimmoselect.com/en/?s={search_term_string}"},"query-input":{"@type":"PropertyValueSpecification","valueRequired":true,"valueName":"search_term_string"}}],"inLanguage":"en-US"},{"@type":"Organization","@id":"https://www.agenceimmoselect.com/en/#organization","name":"Agence Immo'Select - Les Gets","url":"https://www.agenceimmoselect.com/en/","logo":{"@type":"ImageObject","inLanguage":"en-US","@id":"https://www.agenceimmoselect.com/en/#/schema/logo/image/","url":"https://www.agenceimmoselect.com/wp-content/uploads/2022/06/IMMO-SELECT_Logo_RVB_Fond-bleu.jpg","contentUrl":"https://www.agenceimmoselect.com/wp-content/uploads/2022/06/IMMO-SELECT_Logo_RVB_Fond-bleu.jpg","width":1783,"height":1481,"caption":"Agence Immo'Select - Les Gets"},"image":{"@id":"https://www.agenceimmoselect.com/en/#/schema/logo/image/"}}]}</script>
<!-- / Yoast SEO plugin. -->

Bel appartement aménagé avec soin, au coeur du village - Agence Immobiliere Les Gets – Agence Immo Select

Appartement de standing de 67m² situé au coeur de la station dans la nouvelle résidence Le Stella, livrée fin 2022, exposition Sud Ouest, premier étage (avec ascenseur). Grande terrasse de 13m². Capacité : 6 personnes Adhérent Multipass été 2024 DESCRIPTION: &#8211; Un hall d&#8217;entrée avec couloir desservant les chambres et salles d&#8217;eau &#8211; Un salon-séjour [&hellip;]
