{"id":696457,"date":"2024-06-13T11:00:57","date_gmt":"2024-06-13T09:00:57","guid":{"rendered":"http:\/\/pith8215.odns.fr\/lot\/3-pieces-cabine-a-deux-pas-du-centre-village\/"},"modified":"2026-05-01T05:21:42","modified_gmt":"2026-05-01T03:21:42","slug":"3-pieces-cabine-a-deux-pas-du-centre-village","status":"publish","type":"lot","link":"https:\/\/www.agenceimmoselect.com\/en\/lot\/3-pieces-cabine-a-deux-pas-du-centre-village\/","title":{"rendered":"3 Pi\u00e8ces + cabine  \u00e0 deux pas du centre village"},"content":{"rendered":"<p>Appartement triplex de 63.60 m\u00b2 , de type 3 pi\u00e8ces + coin montagne, dont une chambre parentale en suite. Situ\u00e9 au 3eme \u00e9tage avec ascenseur. A deux pas de toutes les facilit\u00e9s et du centre village, avec une vue dominante sur tout le domaine et la station, exposition Sud-Est. Appartement class\u00e9 3* Capacit\u00e9 : 6 personnes. Travaux de construction \u00e0 proximit\u00e9<br \/>\nAdh\u00e9rent Multipass \u00e9t\u00e9 2024<br \/>\nDESCRIPTION :<br \/>\nAu rez:<br \/>\n&#8211; 1 Hall d&#8217;entr\u00e9e.<br \/>\n&#8211; 1 chambre parentale, 1 lit double de 180 cm x 200 cm (pouvant \u00eatre s\u00e9par\u00e9 en 2 lits simples), Tv, rangements. En suite avec 1 salle de douche (1 vasque, 1 WC, un s\u00e8che serviette \u00e9lectrique, machine \u00e0 laver)<br \/>\nPremier \u00e9tage:<br \/>\n&#8211; Cuisine enti\u00e8rement \u00e9quip\u00e9e, ouverte sur s\u00e9jour, et espace repas, acc\u00e8s au balcon semi abrit\u00e9 par baie vitr\u00e9e, vue ouverte.<br \/>\nCombles:<br \/>\n&#8211; 1 coin montagne (avec fen\u00eatre) avec 2 lits superpos\u00e9s de 90 x 190 cm.<br \/>\n&#8211; 1 chambre, 1 lit double de 180 cm x 200 cm (pouvant \u00eatre s\u00e9par\u00e9 en 2 lits simples), TV, rangements. Acc\u00e8s au balcon par baie vitr\u00e9e, vue imprenable.<br \/>\n&#8211; 1 salle de douche avec 1 vasque, s\u00e8che serviette \u00e9lectrique.<br \/>\n&#8211; 1 WC ind\u00e9pendant.<\/p>\n<p>EQUIPEMENTS : Chauffage \u00e9lectrique au sol, t\u00e9l\u00e9visions, lave-vaisselle, lave-linge s\u00e9chant, s\u00e8che-cheveux, four combi micro-ondes, Wifi, cafeti\u00e8re Nespresso et filtre, grille pain, bouilloire, Apple TV, enceinte Bose.<br \/>\nANNEXES : 1 place de parking couvert situ\u00e9 au sous-sol de la r\u00e9sidence (hauteur porte principale \u00e0 1.90m), 1 cave individuelle, 1 casier \u00e0 ski.<br \/>\nCADEAUX de Bienvenue : Kit m\u00e9nage, Kit SDB. Al\u00e8zes jetables \/ Animaux interdits &#8211; Non fumeurs.<\/p>\n<p>SERVICES INCLUS HIVER\/ETE : M\u00e9nage fin de s\u00e9jour, Linge de maison (draps, taies d&#8217;oreiller et housse de couette), Serviettes et tapis de bain.<br \/>\nLocation de peignoir &amp; Pr\u00e9paration des lits en option. Possibilit\u00e9 de commander une\/des prestations de m\u00e9nage et de blanchisserie pendant votre s\u00e9jour<\/p>\n","protected":false},"excerpt":{"rendered":"<p>Appartement triplex de 63.60 m\u00b2 , de type 3 pi\u00e8ces + coin montagne, dont une chambre parentale en suite. Situ\u00e9 au 3eme \u00e9tage avec ascenseur. A deux pas de toutes les facilit\u00e9s et du centre village, avec une vue dominante sur tout le domaine et la station, exposition Sud-Est. Appartement class\u00e9 3* Capacit\u00e9 : 6 [&hellip;]<\/p>\n","protected":false},"author":1,"featured_media":0,"comment_status":"closed","ping_status":"closed","template":"","class_list":["post-696457","lot","type-lot","status-publish","hentry"],"acf":[],"yoast_head":"<!-- This site is optimized with the Yoast SEO plugin v25.6 - https:\/\/yoast.com\/wordpress\/plugins\/seo\/ -->\n<title>3 Pi\u00e8ces + cabine \u00e0 deux pas du centre village - Agence Immobiliere Les Gets \u2013 Agence Immo Select<\/title>\n<meta name=\"robots\" content=\"index, follow, max-snippet:-1, max-image-preview:large, max-video-preview:-1\" \/>\n<link rel=\"canonical\" href=\"https:\/\/www.agenceimmoselect.com\/en\/lot\/3-pieces-cabine-a-deux-pas-du-centre-village\/\" \/>\n<meta property=\"og:locale\" content=\"en_US\" \/>\n<meta property=\"og:type\" content=\"article\" \/>\n<meta property=\"og:title\" content=\"3 Pi\u00e8ces + cabine \u00e0 deux pas du centre village - Agence Immobiliere Les Gets \u2013 Agence Immo Select\" \/>\n<meta property=\"og:description\" content=\"Appartement triplex de 63.60 m\u00b2 , de type 3 pi\u00e8ces + coin montagne, dont une chambre parentale en suite. Situ\u00e9 au 3eme \u00e9tage avec ascenseur. A deux pas de toutes les facilit\u00e9s et du centre village, avec une vue dominante sur tout le domaine et la station, exposition Sud-Est. Appartement class\u00e9 3* Capacit\u00e9 : 6 [&hellip;]\" \/>\n<meta property=\"og:url\" content=\"https:\/\/www.agenceimmoselect.com\/en\/lot\/3-pieces-cabine-a-deux-pas-du-centre-village\/\" \/>\n<meta property=\"og:site_name\" content=\"Agence Immobiliere Les Gets \u2013 Agence Immo Select\" \/>\n<meta property=\"article:modified_time\" content=\"2026-05-01T03:21:42+00:00\" \/>\n<meta name=\"twitter:card\" content=\"summary_large_image\" \/>\n<meta name=\"twitter:label1\" content=\"Est. reading time\" \/>\n\t<meta name=\"twitter:data1\" content=\"1 minute\" \/>\n<script type=\"application\/ld+json\" class=\"yoast-schema-graph\">{\"@context\":\"https:\/\/schema.org\",\"@graph\":[{\"@type\":\"WebPage\",\"@id\":\"https:\/\/www.agenceimmoselect.com\/en\/lot\/3-pieces-cabine-a-deux-pas-du-centre-village\/\",\"url\":\"https:\/\/www.agenceimmoselect.com\/en\/lot\/3-pieces-cabine-a-deux-pas-du-centre-village\/\",\"name\":\"3 Pi\u00e8ces + cabine \u00e0 deux pas du centre village - Agence Immobiliere Les Gets \u2013 Agence Immo Select\",\"isPartOf\":{\"@id\":\"https:\/\/www.agenceimmoselect.com\/en\/#website\"},\"datePublished\":\"2024-06-13T09:00:57+00:00\",\"dateModified\":\"2026-05-01T03:21:42+00:00\",\"breadcrumb\":{\"@id\":\"https:\/\/www.agenceimmoselect.com\/en\/lot\/3-pieces-cabine-a-deux-pas-du-centre-village\/#breadcrumb\"},\"inLanguage\":\"en-US\",\"potentialAction\":[{\"@type\":\"ReadAction\",\"target\":[\"https:\/\/www.agenceimmoselect.com\/en\/lot\/3-pieces-cabine-a-deux-pas-du-centre-village\/\"]}]},{\"@type\":\"BreadcrumbList\",\"@id\":\"https:\/\/www.agenceimmoselect.com\/en\/lot\/3-pieces-cabine-a-deux-pas-du-centre-village\/#breadcrumb\",\"itemListElement\":[{\"@type\":\"ListItem\",\"position\":1,\"name\":\"Accueil\",\"item\":\"https:\/\/www.agenceimmoselect.com\/en\/\"},{\"@type\":\"ListItem\",\"position\":2,\"name\":\"Lots\",\"item\":\"https:\/\/www.agenceimmoselect.com\/en\/lot\/\"},{\"@type\":\"ListItem\",\"position\":3,\"name\":\"3 Pi\u00e8ces + cabine \u00e0 deux pas du centre village\"}]},{\"@type\":\"WebSite\",\"@id\":\"https:\/\/www.agenceimmoselect.com\/en\/#website\",\"url\":\"https:\/\/www.agenceimmoselect.com\/en\/\",\"name\":\"Agence Immo'Select - Les Gets\",\"description\":\"\",\"publisher\":{\"@id\":\"https:\/\/www.agenceimmoselect.com\/en\/#organization\"},\"potentialAction\":[{\"@type\":\"SearchAction\",\"target\":{\"@type\":\"EntryPoint\",\"urlTemplate\":\"https:\/\/www.agenceimmoselect.com\/en\/?s={search_term_string}\"},\"query-input\":{\"@type\":\"PropertyValueSpecification\",\"valueRequired\":true,\"valueName\":\"search_term_string\"}}],\"inLanguage\":\"en-US\"},{\"@type\":\"Organization\",\"@id\":\"https:\/\/www.agenceimmoselect.com\/en\/#organization\",\"name\":\"Agence Immo'Select - Les Gets\",\"url\":\"https:\/\/www.agenceimmoselect.com\/en\/\",\"logo\":{\"@type\":\"ImageObject\",\"inLanguage\":\"en-US\",\"@id\":\"https:\/\/www.agenceimmoselect.com\/en\/#\/schema\/logo\/image\/\",\"url\":\"https:\/\/www.agenceimmoselect.com\/wp-content\/uploads\/2022\/06\/IMMO-SELECT_Logo_RVB_Fond-bleu.jpg\",\"contentUrl\":\"https:\/\/www.agenceimmoselect.com\/wp-content\/uploads\/2022\/06\/IMMO-SELECT_Logo_RVB_Fond-bleu.jpg\",\"width\":1783,\"height\":1481,\"caption\":\"Agence Immo'Select - Les Gets\"},\"image\":{\"@id\":\"https:\/\/www.agenceimmoselect.com\/en\/#\/schema\/logo\/image\/\"}}]}<\/script>\n<!-- \/ Yoast SEO plugin. -->","yoast_head_json":{"title":"3 Pi\u00e8ces + cabine \u00e0 deux pas du centre village - Agence Immobiliere Les Gets \u2013 Agence Immo Select","robots":{"index":"index","follow":"follow","max-snippet":"max-snippet:-1","max-image-preview":"max-image-preview:large","max-video-preview":"max-video-preview:-1"},"canonical":"https:\/\/www.agenceimmoselect.com\/en\/lot\/3-pieces-cabine-a-deux-pas-du-centre-village\/","og_locale":"en_US","og_type":"article","og_title":"3 Pi\u00e8ces + cabine \u00e0 deux pas du centre village - Agence Immobiliere Les Gets \u2013 Agence Immo Select","og_description":"Appartement triplex de 63.60 m\u00b2 , de type 3 pi\u00e8ces + coin montagne, dont une chambre parentale en suite. Situ\u00e9 au 3eme \u00e9tage avec ascenseur. A deux pas de toutes les facilit\u00e9s et du centre village, avec une vue dominante sur tout le domaine et la station, exposition Sud-Est. Appartement class\u00e9 3* Capacit\u00e9 : 6 [&hellip;]","og_url":"https:\/\/www.agenceimmoselect.com\/en\/lot\/3-pieces-cabine-a-deux-pas-du-centre-village\/","og_site_name":"Agence Immobiliere Les Gets \u2013 Agence Immo Select","article_modified_time":"2026-05-01T03:21:42+00:00","twitter_card":"summary_large_image","twitter_misc":{"Est. reading time":"1 minute"},"schema":{"@context":"https:\/\/schema.org","@graph":[{"@type":"WebPage","@id":"https:\/\/www.agenceimmoselect.com\/en\/lot\/3-pieces-cabine-a-deux-pas-du-centre-village\/","url":"https:\/\/www.agenceimmoselect.com\/en\/lot\/3-pieces-cabine-a-deux-pas-du-centre-village\/","name":"3 Pi\u00e8ces + cabine \u00e0 deux pas du centre village - Agence Immobiliere Les Gets \u2013 Agence Immo Select","isPartOf":{"@id":"https:\/\/www.agenceimmoselect.com\/en\/#website"},"datePublished":"2024-06-13T09:00:57+00:00","dateModified":"2026-05-01T03:21:42+00:00","breadcrumb":{"@id":"https:\/\/www.agenceimmoselect.com\/en\/lot\/3-pieces-cabine-a-deux-pas-du-centre-village\/#breadcrumb"},"inLanguage":"en-US","potentialAction":[{"@type":"ReadAction","target":["https:\/\/www.agenceimmoselect.com\/en\/lot\/3-pieces-cabine-a-deux-pas-du-centre-village\/"]}]},{"@type":"BreadcrumbList","@id":"https:\/\/www.agenceimmoselect.com\/en\/lot\/3-pieces-cabine-a-deux-pas-du-centre-village\/#breadcrumb","itemListElement":[{"@type":"ListItem","position":1,"name":"Accueil","item":"https:\/\/www.agenceimmoselect.com\/en\/"},{"@type":"ListItem","position":2,"name":"Lots","item":"https:\/\/www.agenceimmoselect.com\/en\/lot\/"},{"@type":"ListItem","position":3,"name":"3 Pi\u00e8ces + cabine \u00e0 deux pas du centre village"}]},{"@type":"WebSite","@id":"https:\/\/www.agenceimmoselect.com\/en\/#website","url":"https:\/\/www.agenceimmoselect.com\/en\/","name":"Agence Immo'Select - Les Gets","description":"","publisher":{"@id":"https:\/\/www.agenceimmoselect.com\/en\/#organization"},"potentialAction":[{"@type":"SearchAction","target":{"@type":"EntryPoint","urlTemplate":"https:\/\/www.agenceimmoselect.com\/en\/?s={search_term_string}"},"query-input":{"@type":"PropertyValueSpecification","valueRequired":true,"valueName":"search_term_string"}}],"inLanguage":"en-US"},{"@type":"Organization","@id":"https:\/\/www.agenceimmoselect.com\/en\/#organization","name":"Agence Immo'Select - Les Gets","url":"https:\/\/www.agenceimmoselect.com\/en\/","logo":{"@type":"ImageObject","inLanguage":"en-US","@id":"https:\/\/www.agenceimmoselect.com\/en\/#\/schema\/logo\/image\/","url":"https:\/\/www.agenceimmoselect.com\/wp-content\/uploads\/2022\/06\/IMMO-SELECT_Logo_RVB_Fond-bleu.jpg","contentUrl":"https:\/\/www.agenceimmoselect.com\/wp-content\/uploads\/2022\/06\/IMMO-SELECT_Logo_RVB_Fond-bleu.jpg","width":1783,"height":1481,"caption":"Agence Immo'Select - Les Gets"},"image":{"@id":"https:\/\/www.agenceimmoselect.com\/en\/#\/schema\/logo\/image\/"}}]}},"_links":{"self":[{"href":"https:\/\/www.agenceimmoselect.com\/en\/wp-json\/wp\/v2\/lot\/696457","targetHints":{"allow":["GET"]}}],"collection":[{"href":"https:\/\/www.agenceimmoselect.com\/en\/wp-json\/wp\/v2\/lot"}],"about":[{"href":"https:\/\/www.agenceimmoselect.com\/en\/wp-json\/wp\/v2\/types\/lot"}],"author":[{"embeddable":true,"href":"https:\/\/www.agenceimmoselect.com\/en\/wp-json\/wp\/v2\/users\/1"}],"replies":[{"embeddable":true,"href":"https:\/\/www.agenceimmoselect.com\/en\/wp-json\/wp\/v2\/comments?post=696457"}],"version-history":[{"count":1,"href":"https:\/\/www.agenceimmoselect.com\/en\/wp-json\/wp\/v2\/lot\/696457\/revisions"}],"predecessor-version":[{"id":704363,"href":"https:\/\/www.agenceimmoselect.com\/en\/wp-json\/wp\/v2\/lot\/696457\/revisions\/704363"}],"wp:attachment":[{"href":"https:\/\/www.agenceimmoselect.com\/en\/wp-json\/wp\/v2\/media?parent=696457"}],"curies":[{"name":"wp","href":"https:\/\/api.w.org\/{rel}","templated":true}]}}

3 Pièces + cabine  à deux pas du centre village

<p>Appartement triplex de 63.60 m² , de type 3 pièces + coin montagne, dont une chambre parentale en suite. Situé au 3eme étage avec ascenseur. A deux pas de toutes les facilités et du centre village, avec une vue dominante sur tout le domaine et la station, exposition Sud-Est. Appartement classé 3* Capacité : 6 personnes. Travaux de construction à proximité<br />
Adhérent Multipass été 2024<br />
DESCRIPTION :<br />
Au rez:<br />
&#8211; 1 Hall d&#8217;entrée.<br />
&#8211; 1 chambre parentale, 1 lit double de 180 cm x 200 cm (pouvant être séparé en 2 lits simples), Tv, rangements. En suite avec 1 salle de douche (1 vasque, 1 WC, un sèche serviette électrique, machine à laver)<br />
Premier étage:<br />
&#8211; Cuisine entièrement équipée, ouverte sur séjour, et espace repas, accès au balcon semi abrité par baie vitrée, vue ouverte.<br />
Combles:<br />
&#8211; 1 coin montagne (avec fenêtre) avec 2 lits superposés de 90 x 190 cm.<br />
&#8211; 1 chambre, 1 lit double de 180 cm x 200 cm (pouvant être séparé en 2 lits simples), TV, rangements. Accès au balcon par baie vitrée, vue imprenable.<br />
&#8211; 1 salle de douche avec 1 vasque, sèche serviette électrique.<br />
&#8211; 1 WC indépendant.</p>
<p>EQUIPEMENTS : Chauffage électrique au sol, télévisions, lave-vaisselle, lave-linge séchant, sèche-cheveux, four combi micro-ondes, Wifi, cafetière Nespresso et filtre, grille pain, bouilloire, Apple TV, enceinte Bose.<br />
ANNEXES : 1 place de parking couvert situé au sous-sol de la résidence (hauteur porte principale à 1.90m), 1 cave individuelle, 1 casier à ski.<br />
CADEAUX de Bienvenue : Kit ménage, Kit SDB. Alèzes jetables / Animaux interdits &#8211; Non fumeurs.</p>
<p>SERVICES INCLUS HIVER/ETE : Ménage fin de séjour, Linge de maison (draps, taies d&#8217;oreiller et housse de couette), Serviettes et tapis de bain.<br />
Location de peignoir &amp; Préparation des lits en option. Possibilité de commander une/des prestations de ménage et de blanchisserie pendant votre séjour</p>

<p>Appartement triplex de 63.60 m² , de type 3 pièces + coin montagne, dont une chambre parentale en suite. Situé au 3eme étage avec ascenseur. A deux pas de toutes les facilités et du centre village, avec une vue dominante sur tout le domaine et la station, exposition Sud-Est. Appartement classé 3* Capacité : 6 [&hellip;]</p>

<!-- This site is optimized with the Yoast SEO plugin v25.6 - https://yoast.com/wordpress/plugins/seo/ -->
<title>3 Pièces + cabine à deux pas du centre village - Agence Immobiliere Les Gets – Agence Immo Select</title>
<meta name="robots" content="index, follow, max-snippet:-1, max-image-preview:large, max-video-preview:-1" />
<link rel="canonical" href="https://www.agenceimmoselect.com/en/lot/3-pieces-cabine-a-deux-pas-du-centre-village/" />
<meta property="og:locale" content="en_US" />
<meta property="og:type" content="article" />
<meta property="og:title" content="3 Pièces + cabine à deux pas du centre village - Agence Immobiliere Les Gets – Agence Immo Select" />
<meta property="og:description" content="Appartement triplex de 63.60 m² , de type 3 pièces + coin montagne, dont une chambre parentale en suite. Situé au 3eme étage avec ascenseur. A deux pas de toutes les facilités et du centre village, avec une vue dominante sur tout le domaine et la station, exposition Sud-Est. Appartement classé 3* Capacité : 6 [&hellip;]" />
<meta property="og:url" content="https://www.agenceimmoselect.com/en/lot/3-pieces-cabine-a-deux-pas-du-centre-village/" />
<meta property="og:site_name" content="Agence Immobiliere Les Gets – Agence Immo Select" />
<meta property="article:modified_time" content="2026-05-01T03:21:42+00:00" />
<meta name="twitter:card" content="summary_large_image" />
<meta name="twitter:label1" content="Est. reading time" />
	<meta name="twitter:data1" content="1 minute" />
<script type="application/ld+json" class="yoast-schema-graph">{"@context":"https://schema.org","@graph":[{"@type":"WebPage","@id":"https://www.agenceimmoselect.com/en/lot/3-pieces-cabine-a-deux-pas-du-centre-village/","url":"https://www.agenceimmoselect.com/en/lot/3-pieces-cabine-a-deux-pas-du-centre-village/","name":"3 Pièces + cabine à deux pas du centre village - Agence Immobiliere Les Gets – Agence Immo Select","isPartOf":{"@id":"https://www.agenceimmoselect.com/en/#website"},"datePublished":"2024-06-13T09:00:57+00:00","dateModified":"2026-05-01T03:21:42+00:00","breadcrumb":{"@id":"https://www.agenceimmoselect.com/en/lot/3-pieces-cabine-a-deux-pas-du-centre-village/#breadcrumb"},"inLanguage":"en-US","potentialAction":[{"@type":"ReadAction","target":["https://www.agenceimmoselect.com/en/lot/3-pieces-cabine-a-deux-pas-du-centre-village/"]}]},{"@type":"BreadcrumbList","@id":"https://www.agenceimmoselect.com/en/lot/3-pieces-cabine-a-deux-pas-du-centre-village/#breadcrumb","itemListElement":[{"@type":"ListItem","position":1,"name":"Accueil","item":"https://www.agenceimmoselect.com/en/"},{"@type":"ListItem","position":2,"name":"Lots","item":"https://www.agenceimmoselect.com/en/lot/"},{"@type":"ListItem","position":3,"name":"3 Pièces + cabine à deux pas du centre village"}]},{"@type":"WebSite","@id":"https://www.agenceimmoselect.com/en/#website","url":"https://www.agenceimmoselect.com/en/","name":"Agence Immo'Select - Les Gets","description":"","publisher":{"@id":"https://www.agenceimmoselect.com/en/#organization"},"potentialAction":[{"@type":"SearchAction","target":{"@type":"EntryPoint","urlTemplate":"https://www.agenceimmoselect.com/en/?s={search_term_string}"},"query-input":{"@type":"PropertyValueSpecification","valueRequired":true,"valueName":"search_term_string"}}],"inLanguage":"en-US"},{"@type":"Organization","@id":"https://www.agenceimmoselect.com/en/#organization","name":"Agence Immo'Select - Les Gets","url":"https://www.agenceimmoselect.com/en/","logo":{"@type":"ImageObject","inLanguage":"en-US","@id":"https://www.agenceimmoselect.com/en/#/schema/logo/image/","url":"https://www.agenceimmoselect.com/wp-content/uploads/2022/06/IMMO-SELECT_Logo_RVB_Fond-bleu.jpg","contentUrl":"https://www.agenceimmoselect.com/wp-content/uploads/2022/06/IMMO-SELECT_Logo_RVB_Fond-bleu.jpg","width":1783,"height":1481,"caption":"Agence Immo'Select - Les Gets"},"image":{"@id":"https://www.agenceimmoselect.com/en/#/schema/logo/image/"}}]}</script>
<!-- / Yoast SEO plugin. -->

3 Pièces + cabine à deux pas du centre village - Agence Immobiliere Les Gets – Agence Immo Select

Appartement triplex de 63.60 m² , de type 3 pièces + coin montagne, dont une chambre parentale en suite. Situé au 3eme étage avec ascenseur. A deux pas de toutes les facilités et du centre village, avec une vue dominante sur tout le domaine et la station, exposition Sud-Est. Appartement classé 3* Capacité : 6 [&hellip;]

3 Pièces + cabine à deux pas du centre village
