{"id":696467,"date":"2024-06-13T11:02:17","date_gmt":"2024-06-13T09:02:17","guid":{"rendered":"http:\/\/pith8215.odns.fr\/lot\/appartement-renove-centre-station-au-calme-expose-est-ouest\/"},"modified":"2026-05-01T05:22:16","modified_gmt":"2026-05-01T03:22:16","slug":"appartement-renove-centre-station-au-calme-expose-est-ouest","status":"publish","type":"lot","link":"https:\/\/www.agenceimmoselect.com\/en\/lot\/appartement-renove-centre-station-au-calme-expose-est-ouest\/","title":{"rendered":"Appartement r\u00e9nov\u00e9, centre station, au calme, expos\u00e9 Est-Ouest"},"content":{"rendered":"<p>Appartement de type 2 pi\u00e8ces + mezzanine (surface habitable de 36,81m\u00b2), situ\u00e9 au 2\u00e8me \u00e9tage (sans ascenseur), exposition Est-Ouest, vue d\u00e9gag\u00e9e sur le Mont Chery et sur le Vieux Village. Class\u00e9 3*. Capacit\u00e9 : 5 personnes.<\/p>\n<p>Adh\u00e9rent Multipass \u00e9t\u00e9 2024<\/p>\n<p>DESCRIPTION :<br \/>\n&#8211; Acc\u00e8s privatif au balcon expos\u00e9 Est<br \/>\n&#8211; Hall d&#8217;entr\u00e9e<br \/>\n&#8211; 1 salle de douche avec lavabo, WC, et lave-linge<br \/>\n&#8211; 1 coin cuisine ouvert sur s\u00e9jour<br \/>\n&#8211; Salon-s\u00e9jour ouvrant sur balcon expos\u00e9 Est<br \/>\n&#8211; 1 chambre double (lit de 140cmx190cm) ouvrant sur balcon expos\u00e9 Ouest<br \/>\n&#8211; 1 chambre sur mezzanine avec 2 lits simples (90cmx190cm) et canap\u00e9 lit (140cmx190cm) et rangements.<\/p>\n<p>EQUIPEMENTS :<br \/>\nChauffage individuel \u00e9lectrique, t\u00e9l\u00e9vision, lave vaisselle, lave-linge, grille-pain, bouilloire, cafeti\u00e8re filtre et Tassimo, plaques vitroc\u00e9ramiques, r\u00e9frig\u00e9rateur, cave \u00e0 vin, four, appareil \u00e0 raclette et fondue, aspirateur, s\u00e8che-cheveux. Absence de Wifi (possibilit\u00e9 de louer une Wifi de poche)<\/p>\n<p>ANNEXES :<br \/>\nCasier \u00e0 ski collectif, une place de parking couverte priv\u00e9e.<\/p>\n<p>LOCATION HIVER, SERVICES INCLUS :<br \/>\nM\u00e9nage fin de s\u00e9jour, Linge de maison (draps, taies d&#8217;oreiller et housse de couette), Serviettes et tapis de bain.<br \/>\nPreparation des lits &amp; Location de peignoir en option<\/p>\n<p>LOCATION ETE :<br \/>\nM\u00e9nage de fin de s\u00e9jour inclus.<br \/>\nLes services para-h\u00f4teliers d\u00e9crits ci-dessus sont en option. Prix sur demande. <\/p>\n<p>CADEAUX DE BIENVENUE : Kit m\u00e9nage, Kit SDB. Al\u00e8zes jetables \/ Animaux refus\u00e9s &#8211; Non fumeur.<\/p>\n","protected":false},"excerpt":{"rendered":"<p>Appartement de type 2 pi\u00e8ces + mezzanine (surface habitable de 36,81m\u00b2), situ\u00e9 au 2\u00e8me \u00e9tage (sans ascenseur), exposition Est-Ouest, vue d\u00e9gag\u00e9e sur le Mont Chery et sur le Vieux Village. Class\u00e9 3*. Capacit\u00e9 : 5 personnes. Adh\u00e9rent Multipass \u00e9t\u00e9 2024 DESCRIPTION : &#8211; Acc\u00e8s privatif au balcon expos\u00e9 Est &#8211; Hall d&#8217;entr\u00e9e &#8211; 1 salle [&hellip;]<\/p>\n","protected":false},"author":1,"featured_media":0,"comment_status":"closed","ping_status":"closed","template":"","class_list":["post-696467","lot","type-lot","status-publish","hentry"],"acf":[],"yoast_head":"<!-- This site is optimized with the Yoast SEO plugin v25.6 - https:\/\/yoast.com\/wordpress\/plugins\/seo\/ -->\n<title>Appartement r\u00e9nov\u00e9, centre station, au calme, expos\u00e9 Est-Ouest - Agence Immobiliere Les Gets \u2013 Agence Immo Select<\/title>\n<meta name=\"robots\" content=\"index, follow, max-snippet:-1, max-image-preview:large, max-video-preview:-1\" \/>\n<link rel=\"canonical\" href=\"https:\/\/www.agenceimmoselect.com\/en\/lot\/appartement-renove-centre-station-au-calme-expose-est-ouest\/\" \/>\n<meta property=\"og:locale\" content=\"en_US\" \/>\n<meta property=\"og:type\" content=\"article\" \/>\n<meta property=\"og:title\" content=\"Appartement r\u00e9nov\u00e9, centre station, au calme, expos\u00e9 Est-Ouest - Agence Immobiliere Les Gets \u2013 Agence Immo Select\" \/>\n<meta property=\"og:description\" content=\"Appartement de type 2 pi\u00e8ces + mezzanine (surface habitable de 36,81m\u00b2), situ\u00e9 au 2\u00e8me \u00e9tage (sans ascenseur), exposition Est-Ouest, vue d\u00e9gag\u00e9e sur le Mont Chery et sur le Vieux Village. Class\u00e9 3*. Capacit\u00e9 : 5 personnes. Adh\u00e9rent Multipass \u00e9t\u00e9 2024 DESCRIPTION : &#8211; Acc\u00e8s privatif au balcon expos\u00e9 Est &#8211; Hall d&#8217;entr\u00e9e &#8211; 1 salle [&hellip;]\" \/>\n<meta property=\"og:url\" content=\"https:\/\/www.agenceimmoselect.com\/en\/lot\/appartement-renove-centre-station-au-calme-expose-est-ouest\/\" \/>\n<meta property=\"og:site_name\" content=\"Agence Immobiliere Les Gets \u2013 Agence Immo Select\" \/>\n<meta property=\"article:modified_time\" content=\"2026-05-01T03:22:16+00:00\" \/>\n<meta name=\"twitter:card\" content=\"summary_large_image\" \/>\n<meta name=\"twitter:label1\" content=\"Est. reading time\" \/>\n\t<meta name=\"twitter:data1\" content=\"1 minute\" \/>\n<script type=\"application\/ld+json\" class=\"yoast-schema-graph\">{\"@context\":\"https:\/\/schema.org\",\"@graph\":[{\"@type\":\"WebPage\",\"@id\":\"https:\/\/www.agenceimmoselect.com\/en\/lot\/appartement-renove-centre-station-au-calme-expose-est-ouest\/\",\"url\":\"https:\/\/www.agenceimmoselect.com\/en\/lot\/appartement-renove-centre-station-au-calme-expose-est-ouest\/\",\"name\":\"Appartement r\u00e9nov\u00e9, centre station, au calme, expos\u00e9 Est-Ouest - Agence Immobiliere Les Gets \u2013 Agence Immo Select\",\"isPartOf\":{\"@id\":\"https:\/\/www.agenceimmoselect.com\/en\/#website\"},\"datePublished\":\"2024-06-13T09:02:17+00:00\",\"dateModified\":\"2026-05-01T03:22:16+00:00\",\"breadcrumb\":{\"@id\":\"https:\/\/www.agenceimmoselect.com\/en\/lot\/appartement-renove-centre-station-au-calme-expose-est-ouest\/#breadcrumb\"},\"inLanguage\":\"en-US\",\"potentialAction\":[{\"@type\":\"ReadAction\",\"target\":[\"https:\/\/www.agenceimmoselect.com\/en\/lot\/appartement-renove-centre-station-au-calme-expose-est-ouest\/\"]}]},{\"@type\":\"BreadcrumbList\",\"@id\":\"https:\/\/www.agenceimmoselect.com\/en\/lot\/appartement-renove-centre-station-au-calme-expose-est-ouest\/#breadcrumb\",\"itemListElement\":[{\"@type\":\"ListItem\",\"position\":1,\"name\":\"Accueil\",\"item\":\"https:\/\/www.agenceimmoselect.com\/en\/\"},{\"@type\":\"ListItem\",\"position\":2,\"name\":\"Lots\",\"item\":\"https:\/\/www.agenceimmoselect.com\/en\/lot\/\"},{\"@type\":\"ListItem\",\"position\":3,\"name\":\"Appartement r\u00e9nov\u00e9, centre station, au calme, expos\u00e9 Est-Ouest\"}]},{\"@type\":\"WebSite\",\"@id\":\"https:\/\/www.agenceimmoselect.com\/en\/#website\",\"url\":\"https:\/\/www.agenceimmoselect.com\/en\/\",\"name\":\"Agence Immo'Select - Les Gets\",\"description\":\"\",\"publisher\":{\"@id\":\"https:\/\/www.agenceimmoselect.com\/en\/#organization\"},\"potentialAction\":[{\"@type\":\"SearchAction\",\"target\":{\"@type\":\"EntryPoint\",\"urlTemplate\":\"https:\/\/www.agenceimmoselect.com\/en\/?s={search_term_string}\"},\"query-input\":{\"@type\":\"PropertyValueSpecification\",\"valueRequired\":true,\"valueName\":\"search_term_string\"}}],\"inLanguage\":\"en-US\"},{\"@type\":\"Organization\",\"@id\":\"https:\/\/www.agenceimmoselect.com\/en\/#organization\",\"name\":\"Agence Immo'Select - Les Gets\",\"url\":\"https:\/\/www.agenceimmoselect.com\/en\/\",\"logo\":{\"@type\":\"ImageObject\",\"inLanguage\":\"en-US\",\"@id\":\"https:\/\/www.agenceimmoselect.com\/en\/#\/schema\/logo\/image\/\",\"url\":\"https:\/\/www.agenceimmoselect.com\/wp-content\/uploads\/2022\/06\/IMMO-SELECT_Logo_RVB_Fond-bleu.jpg\",\"contentUrl\":\"https:\/\/www.agenceimmoselect.com\/wp-content\/uploads\/2022\/06\/IMMO-SELECT_Logo_RVB_Fond-bleu.jpg\",\"width\":1783,\"height\":1481,\"caption\":\"Agence Immo'Select - Les Gets\"},\"image\":{\"@id\":\"https:\/\/www.agenceimmoselect.com\/en\/#\/schema\/logo\/image\/\"}}]}<\/script>\n<!-- \/ Yoast SEO plugin. -->","yoast_head_json":{"title":"Appartement r\u00e9nov\u00e9, centre station, au calme, expos\u00e9 Est-Ouest - Agence Immobiliere Les Gets \u2013 Agence Immo Select","robots":{"index":"index","follow":"follow","max-snippet":"max-snippet:-1","max-image-preview":"max-image-preview:large","max-video-preview":"max-video-preview:-1"},"canonical":"https:\/\/www.agenceimmoselect.com\/en\/lot\/appartement-renove-centre-station-au-calme-expose-est-ouest\/","og_locale":"en_US","og_type":"article","og_title":"Appartement r\u00e9nov\u00e9, centre station, au calme, expos\u00e9 Est-Ouest - Agence Immobiliere Les Gets \u2013 Agence Immo Select","og_description":"Appartement de type 2 pi\u00e8ces + mezzanine (surface habitable de 36,81m\u00b2), situ\u00e9 au 2\u00e8me \u00e9tage (sans ascenseur), exposition Est-Ouest, vue d\u00e9gag\u00e9e sur le Mont Chery et sur le Vieux Village. Class\u00e9 3*. Capacit\u00e9 : 5 personnes. Adh\u00e9rent Multipass \u00e9t\u00e9 2024 DESCRIPTION : &#8211; Acc\u00e8s privatif au balcon expos\u00e9 Est &#8211; Hall d&#8217;entr\u00e9e &#8211; 1 salle [&hellip;]","og_url":"https:\/\/www.agenceimmoselect.com\/en\/lot\/appartement-renove-centre-station-au-calme-expose-est-ouest\/","og_site_name":"Agence Immobiliere Les Gets \u2013 Agence Immo Select","article_modified_time":"2026-05-01T03:22:16+00:00","twitter_card":"summary_large_image","twitter_misc":{"Est. reading time":"1 minute"},"schema":{"@context":"https:\/\/schema.org","@graph":[{"@type":"WebPage","@id":"https:\/\/www.agenceimmoselect.com\/en\/lot\/appartement-renove-centre-station-au-calme-expose-est-ouest\/","url":"https:\/\/www.agenceimmoselect.com\/en\/lot\/appartement-renove-centre-station-au-calme-expose-est-ouest\/","name":"Appartement r\u00e9nov\u00e9, centre station, au calme, expos\u00e9 Est-Ouest - Agence Immobiliere Les Gets \u2013 Agence Immo Select","isPartOf":{"@id":"https:\/\/www.agenceimmoselect.com\/en\/#website"},"datePublished":"2024-06-13T09:02:17+00:00","dateModified":"2026-05-01T03:22:16+00:00","breadcrumb":{"@id":"https:\/\/www.agenceimmoselect.com\/en\/lot\/appartement-renove-centre-station-au-calme-expose-est-ouest\/#breadcrumb"},"inLanguage":"en-US","potentialAction":[{"@type":"ReadAction","target":["https:\/\/www.agenceimmoselect.com\/en\/lot\/appartement-renove-centre-station-au-calme-expose-est-ouest\/"]}]},{"@type":"BreadcrumbList","@id":"https:\/\/www.agenceimmoselect.com\/en\/lot\/appartement-renove-centre-station-au-calme-expose-est-ouest\/#breadcrumb","itemListElement":[{"@type":"ListItem","position":1,"name":"Accueil","item":"https:\/\/www.agenceimmoselect.com\/en\/"},{"@type":"ListItem","position":2,"name":"Lots","item":"https:\/\/www.agenceimmoselect.com\/en\/lot\/"},{"@type":"ListItem","position":3,"name":"Appartement r\u00e9nov\u00e9, centre station, au calme, expos\u00e9 Est-Ouest"}]},{"@type":"WebSite","@id":"https:\/\/www.agenceimmoselect.com\/en\/#website","url":"https:\/\/www.agenceimmoselect.com\/en\/","name":"Agence Immo'Select - Les Gets","description":"","publisher":{"@id":"https:\/\/www.agenceimmoselect.com\/en\/#organization"},"potentialAction":[{"@type":"SearchAction","target":{"@type":"EntryPoint","urlTemplate":"https:\/\/www.agenceimmoselect.com\/en\/?s={search_term_string}"},"query-input":{"@type":"PropertyValueSpecification","valueRequired":true,"valueName":"search_term_string"}}],"inLanguage":"en-US"},{"@type":"Organization","@id":"https:\/\/www.agenceimmoselect.com\/en\/#organization","name":"Agence Immo'Select - Les Gets","url":"https:\/\/www.agenceimmoselect.com\/en\/","logo":{"@type":"ImageObject","inLanguage":"en-US","@id":"https:\/\/www.agenceimmoselect.com\/en\/#\/schema\/logo\/image\/","url":"https:\/\/www.agenceimmoselect.com\/wp-content\/uploads\/2022\/06\/IMMO-SELECT_Logo_RVB_Fond-bleu.jpg","contentUrl":"https:\/\/www.agenceimmoselect.com\/wp-content\/uploads\/2022\/06\/IMMO-SELECT_Logo_RVB_Fond-bleu.jpg","width":1783,"height":1481,"caption":"Agence Immo'Select - Les Gets"},"image":{"@id":"https:\/\/www.agenceimmoselect.com\/en\/#\/schema\/logo\/image\/"}}]}},"_links":{"self":[{"href":"https:\/\/www.agenceimmoselect.com\/en\/wp-json\/wp\/v2\/lot\/696467","targetHints":{"allow":["GET"]}}],"collection":[{"href":"https:\/\/www.agenceimmoselect.com\/en\/wp-json\/wp\/v2\/lot"}],"about":[{"href":"https:\/\/www.agenceimmoselect.com\/en\/wp-json\/wp\/v2\/types\/lot"}],"author":[{"embeddable":true,"href":"https:\/\/www.agenceimmoselect.com\/en\/wp-json\/wp\/v2\/users\/1"}],"replies":[{"embeddable":true,"href":"https:\/\/www.agenceimmoselect.com\/en\/wp-json\/wp\/v2\/comments?post=696467"}],"version-history":[{"count":1,"href":"https:\/\/www.agenceimmoselect.com\/en\/wp-json\/wp\/v2\/lot\/696467\/revisions"}],"predecessor-version":[{"id":704364,"href":"https:\/\/www.agenceimmoselect.com\/en\/wp-json\/wp\/v2\/lot\/696467\/revisions\/704364"}],"wp:attachment":[{"href":"https:\/\/www.agenceimmoselect.com\/en\/wp-json\/wp\/v2\/media?parent=696467"}],"curies":[{"name":"wp","href":"https:\/\/api.w.org\/{rel}","templated":true}]}}

Appartement rénové, centre station, au calme, exposé Est-Ouest

<p>Appartement de type 2 pièces + mezzanine (surface habitable de 36,81m²), situé au 2ème étage (sans ascenseur), exposition Est-Ouest, vue dégagée sur le Mont Chery et sur le Vieux Village. Classé 3*. Capacité : 5 personnes.</p>
<p>Adhérent Multipass été 2024</p>
<p>DESCRIPTION :<br />
&#8211; Accès privatif au balcon exposé Est<br />
&#8211; Hall d&#8217;entrée<br />
&#8211; 1 salle de douche avec lavabo, WC, et lave-linge<br />
&#8211; 1 coin cuisine ouvert sur séjour<br />
&#8211; Salon-séjour ouvrant sur balcon exposé Est<br />
&#8211; 1 chambre double (lit de 140cmx190cm) ouvrant sur balcon exposé Ouest<br />
&#8211; 1 chambre sur mezzanine avec 2 lits simples (90cmx190cm) et canapé lit (140cmx190cm) et rangements.</p>
<p>EQUIPEMENTS :<br />
Chauffage individuel électrique, télévision, lave vaisselle, lave-linge, grille-pain, bouilloire, cafetière filtre et Tassimo, plaques vitrocéramiques, réfrigérateur, cave à vin, four, appareil à raclette et fondue, aspirateur, sèche-cheveux. Absence de Wifi (possibilité de louer une Wifi de poche)</p>
<p>ANNEXES :<br />
Casier à ski collectif, une place de parking couverte privée.</p>
<p>LOCATION HIVER, SERVICES INCLUS :<br />
Ménage fin de séjour, Linge de maison (draps, taies d&#8217;oreiller et housse de couette), Serviettes et tapis de bain.<br />
Preparation des lits &amp; Location de peignoir en option</p>
<p>LOCATION ETE :<br />
Ménage de fin de séjour inclus.<br />
Les services para-hôteliers décrits ci-dessus sont en option. Prix sur demande. </p>
<p>CADEAUX DE BIENVENUE : Kit ménage, Kit SDB. Alèzes jetables / Animaux refusés &#8211; Non fumeur.</p>

<p>Appartement de type 2 pièces + mezzanine (surface habitable de 36,81m²), situé au 2ème étage (sans ascenseur), exposition Est-Ouest, vue dégagée sur le Mont Chery et sur le Vieux Village. Classé 3*. Capacité : 5 personnes. Adhérent Multipass été 2024 DESCRIPTION : &#8211; Accès privatif au balcon exposé Est &#8211; Hall d&#8217;entrée &#8211; 1 salle [&hellip;]</p>

<!-- This site is optimized with the Yoast SEO plugin v25.6 - https://yoast.com/wordpress/plugins/seo/ -->
<title>Appartement rénové, centre station, au calme, exposé Est-Ouest - Agence Immobiliere Les Gets – Agence Immo Select</title>
<meta name="robots" content="index, follow, max-snippet:-1, max-image-preview:large, max-video-preview:-1" />
<link rel="canonical" href="https://www.agenceimmoselect.com/en/lot/appartement-renove-centre-station-au-calme-expose-est-ouest/" />
<meta property="og:locale" content="en_US" />
<meta property="og:type" content="article" />
<meta property="og:title" content="Appartement rénové, centre station, au calme, exposé Est-Ouest - Agence Immobiliere Les Gets – Agence Immo Select" />
<meta property="og:description" content="Appartement de type 2 pièces + mezzanine (surface habitable de 36,81m²), situé au 2ème étage (sans ascenseur), exposition Est-Ouest, vue dégagée sur le Mont Chery et sur le Vieux Village. Classé 3*. Capacité : 5 personnes. Adhérent Multipass été 2024 DESCRIPTION : &#8211; Accès privatif au balcon exposé Est &#8211; Hall d&#8217;entrée &#8211; 1 salle [&hellip;]" />
<meta property="og:url" content="https://www.agenceimmoselect.com/en/lot/appartement-renove-centre-station-au-calme-expose-est-ouest/" />
<meta property="og:site_name" content="Agence Immobiliere Les Gets – Agence Immo Select" />
<meta property="article:modified_time" content="2026-05-01T03:22:16+00:00" />
<meta name="twitter:card" content="summary_large_image" />
<meta name="twitter:label1" content="Est. reading time" />
	<meta name="twitter:data1" content="1 minute" />
<script type="application/ld+json" class="yoast-schema-graph">{"@context":"https://schema.org","@graph":[{"@type":"WebPage","@id":"https://www.agenceimmoselect.com/en/lot/appartement-renove-centre-station-au-calme-expose-est-ouest/","url":"https://www.agenceimmoselect.com/en/lot/appartement-renove-centre-station-au-calme-expose-est-ouest/","name":"Appartement rénové, centre station, au calme, exposé Est-Ouest - Agence Immobiliere Les Gets – Agence Immo Select","isPartOf":{"@id":"https://www.agenceimmoselect.com/en/#website"},"datePublished":"2024-06-13T09:02:17+00:00","dateModified":"2026-05-01T03:22:16+00:00","breadcrumb":{"@id":"https://www.agenceimmoselect.com/en/lot/appartement-renove-centre-station-au-calme-expose-est-ouest/#breadcrumb"},"inLanguage":"en-US","potentialAction":[{"@type":"ReadAction","target":["https://www.agenceimmoselect.com/en/lot/appartement-renove-centre-station-au-calme-expose-est-ouest/"]}]},{"@type":"BreadcrumbList","@id":"https://www.agenceimmoselect.com/en/lot/appartement-renove-centre-station-au-calme-expose-est-ouest/#breadcrumb","itemListElement":[{"@type":"ListItem","position":1,"name":"Accueil","item":"https://www.agenceimmoselect.com/en/"},{"@type":"ListItem","position":2,"name":"Lots","item":"https://www.agenceimmoselect.com/en/lot/"},{"@type":"ListItem","position":3,"name":"Appartement rénové, centre station, au calme, exposé Est-Ouest"}]},{"@type":"WebSite","@id":"https://www.agenceimmoselect.com/en/#website","url":"https://www.agenceimmoselect.com/en/","name":"Agence Immo'Select - Les Gets","description":"","publisher":{"@id":"https://www.agenceimmoselect.com/en/#organization"},"potentialAction":[{"@type":"SearchAction","target":{"@type":"EntryPoint","urlTemplate":"https://www.agenceimmoselect.com/en/?s={search_term_string}"},"query-input":{"@type":"PropertyValueSpecification","valueRequired":true,"valueName":"search_term_string"}}],"inLanguage":"en-US"},{"@type":"Organization","@id":"https://www.agenceimmoselect.com/en/#organization","name":"Agence Immo'Select - Les Gets","url":"https://www.agenceimmoselect.com/en/","logo":{"@type":"ImageObject","inLanguage":"en-US","@id":"https://www.agenceimmoselect.com/en/#/schema/logo/image/","url":"https://www.agenceimmoselect.com/wp-content/uploads/2022/06/IMMO-SELECT_Logo_RVB_Fond-bleu.jpg","contentUrl":"https://www.agenceimmoselect.com/wp-content/uploads/2022/06/IMMO-SELECT_Logo_RVB_Fond-bleu.jpg","width":1783,"height":1481,"caption":"Agence Immo'Select - Les Gets"},"image":{"@id":"https://www.agenceimmoselect.com/en/#/schema/logo/image/"}}]}</script>
<!-- / Yoast SEO plugin. -->

Appartement rénové, centre station, au calme, exposé Est-Ouest - Agence Immobiliere Les Gets – Agence Immo Select

Appartement de type 2 pièces + mezzanine (surface habitable de 36,81m²), situé au 2ème étage (sans ascenseur), exposition Est-Ouest, vue dégagée sur le Mont Chery et sur le Vieux Village. Classé 3*. Capacité : 5 personnes. Adhérent Multipass été 2024 DESCRIPTION : &#8211; Accès privatif au balcon exposé Est &#8211; Hall d&#8217;entrée &#8211; 1 salle [&hellip;]
