{"id":696492,"date":"2024-06-13T11:04:44","date_gmt":"2024-06-13T09:04:44","guid":{"rendered":"http:\/\/pith8215.odns.fr\/lot\/bel-appartement-fonctionnel-4-personnes-proche-centre\/"},"modified":"2026-05-02T05:16:58","modified_gmt":"2026-05-02T03:16:58","slug":"bel-appartement-fonctionnel-4-personnes-proche-centre","status":"publish","type":"lot","link":"https:\/\/www.agenceimmoselect.com\/en\/lot\/bel-appartement-fonctionnel-4-personnes-proche-centre\/","title":{"rendered":"bel appartement fonctionnel, 4 personnes, proche centre"},"content":{"rendered":"<p>Appartement lumineux de 35 m\u00b2, de type 2 pi\u00e8ces cabine, tr\u00e8s bien \u00e9quip\u00e9, r\u00e9nov\u00e9, situ\u00e9 au rez de chauss\u00e9e, exposition Nord-Est, balcon-terrasse. Capacit\u00e9 : 4 personnes.<\/p>\n<p>Travaux de construction en face du batiment.\t <\/p>\n<p>Adh\u00e9rent Multipass \u00e9t\u00e9 2024<\/p>\n<p>DESCRIPTION :<br \/>\n&#8211; 1 hall d&#8217;entr\u00e9e avec coin montagne pouvant \u00eatre ferm\u00e9 par une porte (2 lits superpos\u00e9s : 80 x 190 cm)<br \/>\n&#8211; 1 vaste salle de bain (avec pare-bain), s\u00e8che serviette, lavabo et rangements sous vasque<br \/>\n&#8211; 1 salon-s\u00e9jour avec coin cuisine \u00e9quip\u00e9, TV et lecteur DVD. Acc\u00e8s sur la terrasse par porte fen\u00eatre<br \/>\n&#8211; 1 coin repas, entre le coin s\u00e9jour et le coin cuisine<br \/>\n&#8211; 1 chambre double avec rangements : 1 lit de 160 x 200 cm. Acc\u00e8s au balcon par porte fen\u00eatre<\/p>\n<p>EQUIPEMENTS :<br \/>\nChauffage individuel \u00e9lectrique, 2 t\u00e9l\u00e9visions (1 dans le s\u00e9jour, 1 dans la chambre double), lave-vaisselle, four, four micro ondes, bouilloire, machine \u00e0 caf\u00e9 Nespresso, 4 plaques vitroc\u00e9ramiques, appareil a raclette et fondue, grille pain, Wifi, lave linge .<\/p>\n<p>ANNEXES :<br \/>\n1 garage ferm\u00e9 situ\u00e9 au sous-sol de la r\u00e9sidence (Hauteur max : 2.00 m), 1 cave faisant office d&#8217;un casier \u00e0 skis, 1 place de parking priv\u00e9e ext\u00e9rieure<\/p>\n<p>SERVICE INCLUS HIVER ET ETE :<br \/>\nM\u00e9nage fin de s\u00e9jour, <\/p>\n<p>SERVICES EN OPTION : Linge de maison (draps, taies d&#8217;oreiller et housse de couette), Lits faits \u00e0 votre arriv\u00e9e, Serviettes et tapis de bain.  Prix sur demande.<\/p>\n<p>CADEAUX DE BIENVENUE : Kit m\u00e9nage, Kit SDB. Al\u00e8zes jetables \/ Animaux interdits &#8211; Non fumeurs.<\/p>\n","protected":false},"excerpt":{"rendered":"<p>Appartement lumineux de 35 m\u00b2, de type 2 pi\u00e8ces cabine, tr\u00e8s bien \u00e9quip\u00e9, r\u00e9nov\u00e9, situ\u00e9 au rez de chauss\u00e9e, exposition Nord-Est, balcon-terrasse. Capacit\u00e9 : 4 personnes. Travaux de construction en face du batiment. Adh\u00e9rent Multipass \u00e9t\u00e9 2024 DESCRIPTION : &#8211; 1 hall d&#8217;entr\u00e9e avec coin montagne pouvant \u00eatre ferm\u00e9 par une porte (2 lits superpos\u00e9s [&hellip;]<\/p>\n","protected":false},"author":1,"featured_media":0,"comment_status":"closed","ping_status":"closed","template":"","class_list":["post-696492","lot","type-lot","status-publish","hentry"],"acf":[],"yoast_head":"<!-- This site is optimized with the Yoast SEO plugin v25.6 - https:\/\/yoast.com\/wordpress\/plugins\/seo\/ -->\n<title>bel appartement fonctionnel, 4 personnes, proche centre - Agence Immobiliere Les Gets \u2013 Agence Immo Select<\/title>\n<meta name=\"robots\" content=\"index, follow, max-snippet:-1, max-image-preview:large, max-video-preview:-1\" \/>\n<link rel=\"canonical\" href=\"https:\/\/www.agenceimmoselect.com\/en\/lot\/bel-appartement-fonctionnel-4-personnes-proche-centre\/\" \/>\n<meta property=\"og:locale\" content=\"en_US\" \/>\n<meta property=\"og:type\" content=\"article\" \/>\n<meta property=\"og:title\" content=\"bel appartement fonctionnel, 4 personnes, proche centre - Agence Immobiliere Les Gets \u2013 Agence Immo Select\" \/>\n<meta property=\"og:description\" content=\"Appartement lumineux de 35 m\u00b2, de type 2 pi\u00e8ces cabine, tr\u00e8s bien \u00e9quip\u00e9, r\u00e9nov\u00e9, situ\u00e9 au rez de chauss\u00e9e, exposition Nord-Est, balcon-terrasse. Capacit\u00e9 : 4 personnes. Travaux de construction en face du batiment. Adh\u00e9rent Multipass \u00e9t\u00e9 2024 DESCRIPTION : &#8211; 1 hall d&#8217;entr\u00e9e avec coin montagne pouvant \u00eatre ferm\u00e9 par une porte (2 lits superpos\u00e9s [&hellip;]\" \/>\n<meta property=\"og:url\" content=\"https:\/\/www.agenceimmoselect.com\/en\/lot\/bel-appartement-fonctionnel-4-personnes-proche-centre\/\" \/>\n<meta property=\"og:site_name\" content=\"Agence Immobiliere Les Gets \u2013 Agence Immo Select\" \/>\n<meta property=\"article:modified_time\" content=\"2026-05-02T03:16:58+00:00\" \/>\n<meta name=\"twitter:card\" content=\"summary_large_image\" \/>\n<meta name=\"twitter:label1\" content=\"Est. reading time\" \/>\n\t<meta name=\"twitter:data1\" content=\"1 minute\" \/>\n<script type=\"application\/ld+json\" class=\"yoast-schema-graph\">{\"@context\":\"https:\/\/schema.org\",\"@graph\":[{\"@type\":\"WebPage\",\"@id\":\"https:\/\/www.agenceimmoselect.com\/en\/lot\/bel-appartement-fonctionnel-4-personnes-proche-centre\/\",\"url\":\"https:\/\/www.agenceimmoselect.com\/en\/lot\/bel-appartement-fonctionnel-4-personnes-proche-centre\/\",\"name\":\"bel appartement fonctionnel, 4 personnes, proche centre - Agence Immobiliere Les Gets \u2013 Agence Immo Select\",\"isPartOf\":{\"@id\":\"https:\/\/www.agenceimmoselect.com\/en\/#website\"},\"datePublished\":\"2024-06-13T09:04:44+00:00\",\"dateModified\":\"2026-05-02T03:16:58+00:00\",\"breadcrumb\":{\"@id\":\"https:\/\/www.agenceimmoselect.com\/en\/lot\/bel-appartement-fonctionnel-4-personnes-proche-centre\/#breadcrumb\"},\"inLanguage\":\"en-US\",\"potentialAction\":[{\"@type\":\"ReadAction\",\"target\":[\"https:\/\/www.agenceimmoselect.com\/en\/lot\/bel-appartement-fonctionnel-4-personnes-proche-centre\/\"]}]},{\"@type\":\"BreadcrumbList\",\"@id\":\"https:\/\/www.agenceimmoselect.com\/en\/lot\/bel-appartement-fonctionnel-4-personnes-proche-centre\/#breadcrumb\",\"itemListElement\":[{\"@type\":\"ListItem\",\"position\":1,\"name\":\"Accueil\",\"item\":\"https:\/\/www.agenceimmoselect.com\/en\/\"},{\"@type\":\"ListItem\",\"position\":2,\"name\":\"Lots\",\"item\":\"https:\/\/www.agenceimmoselect.com\/en\/lot\/\"},{\"@type\":\"ListItem\",\"position\":3,\"name\":\"bel appartement fonctionnel, 4 personnes, proche centre\"}]},{\"@type\":\"WebSite\",\"@id\":\"https:\/\/www.agenceimmoselect.com\/en\/#website\",\"url\":\"https:\/\/www.agenceimmoselect.com\/en\/\",\"name\":\"Agence Immo'Select - Les Gets\",\"description\":\"\",\"publisher\":{\"@id\":\"https:\/\/www.agenceimmoselect.com\/en\/#organization\"},\"potentialAction\":[{\"@type\":\"SearchAction\",\"target\":{\"@type\":\"EntryPoint\",\"urlTemplate\":\"https:\/\/www.agenceimmoselect.com\/en\/?s={search_term_string}\"},\"query-input\":{\"@type\":\"PropertyValueSpecification\",\"valueRequired\":true,\"valueName\":\"search_term_string\"}}],\"inLanguage\":\"en-US\"},{\"@type\":\"Organization\",\"@id\":\"https:\/\/www.agenceimmoselect.com\/en\/#organization\",\"name\":\"Agence Immo'Select - Les Gets\",\"url\":\"https:\/\/www.agenceimmoselect.com\/en\/\",\"logo\":{\"@type\":\"ImageObject\",\"inLanguage\":\"en-US\",\"@id\":\"https:\/\/www.agenceimmoselect.com\/en\/#\/schema\/logo\/image\/\",\"url\":\"https:\/\/www.agenceimmoselect.com\/wp-content\/uploads\/2022\/06\/IMMO-SELECT_Logo_RVB_Fond-bleu.jpg\",\"contentUrl\":\"https:\/\/www.agenceimmoselect.com\/wp-content\/uploads\/2022\/06\/IMMO-SELECT_Logo_RVB_Fond-bleu.jpg\",\"width\":1783,\"height\":1481,\"caption\":\"Agence Immo'Select - Les Gets\"},\"image\":{\"@id\":\"https:\/\/www.agenceimmoselect.com\/en\/#\/schema\/logo\/image\/\"}}]}<\/script>\n<!-- \/ Yoast SEO plugin. -->","yoast_head_json":{"title":"bel appartement fonctionnel, 4 personnes, proche centre - Agence Immobiliere Les Gets \u2013 Agence Immo Select","robots":{"index":"index","follow":"follow","max-snippet":"max-snippet:-1","max-image-preview":"max-image-preview:large","max-video-preview":"max-video-preview:-1"},"canonical":"https:\/\/www.agenceimmoselect.com\/en\/lot\/bel-appartement-fonctionnel-4-personnes-proche-centre\/","og_locale":"en_US","og_type":"article","og_title":"bel appartement fonctionnel, 4 personnes, proche centre - Agence Immobiliere Les Gets \u2013 Agence Immo Select","og_description":"Appartement lumineux de 35 m\u00b2, de type 2 pi\u00e8ces cabine, tr\u00e8s bien \u00e9quip\u00e9, r\u00e9nov\u00e9, situ\u00e9 au rez de chauss\u00e9e, exposition Nord-Est, balcon-terrasse. Capacit\u00e9 : 4 personnes. Travaux de construction en face du batiment. Adh\u00e9rent Multipass \u00e9t\u00e9 2024 DESCRIPTION : &#8211; 1 hall d&#8217;entr\u00e9e avec coin montagne pouvant \u00eatre ferm\u00e9 par une porte (2 lits superpos\u00e9s [&hellip;]","og_url":"https:\/\/www.agenceimmoselect.com\/en\/lot\/bel-appartement-fonctionnel-4-personnes-proche-centre\/","og_site_name":"Agence Immobiliere Les Gets \u2013 Agence Immo Select","article_modified_time":"2026-05-02T03:16:58+00:00","twitter_card":"summary_large_image","twitter_misc":{"Est. reading time":"1 minute"},"schema":{"@context":"https:\/\/schema.org","@graph":[{"@type":"WebPage","@id":"https:\/\/www.agenceimmoselect.com\/en\/lot\/bel-appartement-fonctionnel-4-personnes-proche-centre\/","url":"https:\/\/www.agenceimmoselect.com\/en\/lot\/bel-appartement-fonctionnel-4-personnes-proche-centre\/","name":"bel appartement fonctionnel, 4 personnes, proche centre - Agence Immobiliere Les Gets \u2013 Agence Immo Select","isPartOf":{"@id":"https:\/\/www.agenceimmoselect.com\/en\/#website"},"datePublished":"2024-06-13T09:04:44+00:00","dateModified":"2026-05-02T03:16:58+00:00","breadcrumb":{"@id":"https:\/\/www.agenceimmoselect.com\/en\/lot\/bel-appartement-fonctionnel-4-personnes-proche-centre\/#breadcrumb"},"inLanguage":"en-US","potentialAction":[{"@type":"ReadAction","target":["https:\/\/www.agenceimmoselect.com\/en\/lot\/bel-appartement-fonctionnel-4-personnes-proche-centre\/"]}]},{"@type":"BreadcrumbList","@id":"https:\/\/www.agenceimmoselect.com\/en\/lot\/bel-appartement-fonctionnel-4-personnes-proche-centre\/#breadcrumb","itemListElement":[{"@type":"ListItem","position":1,"name":"Accueil","item":"https:\/\/www.agenceimmoselect.com\/en\/"},{"@type":"ListItem","position":2,"name":"Lots","item":"https:\/\/www.agenceimmoselect.com\/en\/lot\/"},{"@type":"ListItem","position":3,"name":"bel appartement fonctionnel, 4 personnes, proche centre"}]},{"@type":"WebSite","@id":"https:\/\/www.agenceimmoselect.com\/en\/#website","url":"https:\/\/www.agenceimmoselect.com\/en\/","name":"Agence Immo'Select - Les Gets","description":"","publisher":{"@id":"https:\/\/www.agenceimmoselect.com\/en\/#organization"},"potentialAction":[{"@type":"SearchAction","target":{"@type":"EntryPoint","urlTemplate":"https:\/\/www.agenceimmoselect.com\/en\/?s={search_term_string}"},"query-input":{"@type":"PropertyValueSpecification","valueRequired":true,"valueName":"search_term_string"}}],"inLanguage":"en-US"},{"@type":"Organization","@id":"https:\/\/www.agenceimmoselect.com\/en\/#organization","name":"Agence Immo'Select - Les Gets","url":"https:\/\/www.agenceimmoselect.com\/en\/","logo":{"@type":"ImageObject","inLanguage":"en-US","@id":"https:\/\/www.agenceimmoselect.com\/en\/#\/schema\/logo\/image\/","url":"https:\/\/www.agenceimmoselect.com\/wp-content\/uploads\/2022\/06\/IMMO-SELECT_Logo_RVB_Fond-bleu.jpg","contentUrl":"https:\/\/www.agenceimmoselect.com\/wp-content\/uploads\/2022\/06\/IMMO-SELECT_Logo_RVB_Fond-bleu.jpg","width":1783,"height":1481,"caption":"Agence Immo'Select - Les Gets"},"image":{"@id":"https:\/\/www.agenceimmoselect.com\/en\/#\/schema\/logo\/image\/"}}]}},"_links":{"self":[{"href":"https:\/\/www.agenceimmoselect.com\/en\/wp-json\/wp\/v2\/lot\/696492","targetHints":{"allow":["GET"]}}],"collection":[{"href":"https:\/\/www.agenceimmoselect.com\/en\/wp-json\/wp\/v2\/lot"}],"about":[{"href":"https:\/\/www.agenceimmoselect.com\/en\/wp-json\/wp\/v2\/types\/lot"}],"author":[{"embeddable":true,"href":"https:\/\/www.agenceimmoselect.com\/en\/wp-json\/wp\/v2\/users\/1"}],"replies":[{"embeddable":true,"href":"https:\/\/www.agenceimmoselect.com\/en\/wp-json\/wp\/v2\/comments?post=696492"}],"version-history":[{"count":1,"href":"https:\/\/www.agenceimmoselect.com\/en\/wp-json\/wp\/v2\/lot\/696492\/revisions"}],"predecessor-version":[{"id":704329,"href":"https:\/\/www.agenceimmoselect.com\/en\/wp-json\/wp\/v2\/lot\/696492\/revisions\/704329"}],"wp:attachment":[{"href":"https:\/\/www.agenceimmoselect.com\/en\/wp-json\/wp\/v2\/media?parent=696492"}],"curies":[{"name":"wp","href":"https:\/\/api.w.org\/{rel}","templated":true}]}}

<p>Appartement lumineux de 35 m², de type 2 pièces cabine, très bien équipé, rénové, situé au rez de chaussée, exposition Nord-Est, balcon-terrasse. Capacité : 4 personnes.</p>
<p>Travaux de construction en face du batiment.	 </p>
<p>Adhérent Multipass été 2024</p>
<p>DESCRIPTION :<br />
&#8211; 1 hall d&#8217;entrée avec coin montagne pouvant être fermé par une porte (2 lits superposés : 80 x 190 cm)<br />
&#8211; 1 vaste salle de bain (avec pare-bain), sèche serviette, lavabo et rangements sous vasque<br />
&#8211; 1 salon-séjour avec coin cuisine équipé, TV et lecteur DVD. Accès sur la terrasse par porte fenêtre<br />
&#8211; 1 coin repas, entre le coin séjour et le coin cuisine<br />
&#8211; 1 chambre double avec rangements : 1 lit de 160 x 200 cm. Accès au balcon par porte fenêtre</p>
<p>EQUIPEMENTS :<br />
Chauffage individuel électrique, 2 télévisions (1 dans le séjour, 1 dans la chambre double), lave-vaisselle, four, four micro ondes, bouilloire, machine à café Nespresso, 4 plaques vitrocéramiques, appareil a raclette et fondue, grille pain, Wifi, lave linge .</p>
<p>ANNEXES :<br />
1 garage fermé situé au sous-sol de la résidence (Hauteur max : 2.00 m), 1 cave faisant office d&#8217;un casier à skis, 1 place de parking privée extérieure</p>
<p>SERVICE INCLUS HIVER ET ETE :<br />
Ménage fin de séjour, </p>
<p>SERVICES EN OPTION : Linge de maison (draps, taies d&#8217;oreiller et housse de couette), Lits faits à votre arrivée, Serviettes et tapis de bain.  Prix sur demande.</p>
<p>CADEAUX DE BIENVENUE : Kit ménage, Kit SDB. Alèzes jetables / Animaux interdits &#8211; Non fumeurs.</p>

<p>Appartement lumineux de 35 m², de type 2 pièces cabine, très bien équipé, rénové, situé au rez de chaussée, exposition Nord-Est, balcon-terrasse. Capacité : 4 personnes. Travaux de construction en face du batiment. Adhérent Multipass été 2024 DESCRIPTION : &#8211; 1 hall d&#8217;entrée avec coin montagne pouvant être fermé par une porte (2 lits superposés [&hellip;]</p>

<!-- This site is optimized with the Yoast SEO plugin v25.6 - https://yoast.com/wordpress/plugins/seo/ -->
<title>bel appartement fonctionnel, 4 personnes, proche centre - Agence Immobiliere Les Gets – Agence Immo Select</title>
<meta name="robots" content="index, follow, max-snippet:-1, max-image-preview:large, max-video-preview:-1" />
<link rel="canonical" href="https://www.agenceimmoselect.com/en/lot/bel-appartement-fonctionnel-4-personnes-proche-centre/" />
<meta property="og:locale" content="en_US" />
<meta property="og:type" content="article" />
<meta property="og:title" content="bel appartement fonctionnel, 4 personnes, proche centre - Agence Immobiliere Les Gets – Agence Immo Select" />
<meta property="og:description" content="Appartement lumineux de 35 m², de type 2 pièces cabine, très bien équipé, rénové, situé au rez de chaussée, exposition Nord-Est, balcon-terrasse. Capacité : 4 personnes. Travaux de construction en face du batiment. Adhérent Multipass été 2024 DESCRIPTION : &#8211; 1 hall d&#8217;entrée avec coin montagne pouvant être fermé par une porte (2 lits superposés [&hellip;]" />
<meta property="og:url" content="https://www.agenceimmoselect.com/en/lot/bel-appartement-fonctionnel-4-personnes-proche-centre/" />
<meta property="og:site_name" content="Agence Immobiliere Les Gets – Agence Immo Select" />
<meta property="article:modified_time" content="2026-05-02T03:16:58+00:00" />
<meta name="twitter:card" content="summary_large_image" />
<meta name="twitter:label1" content="Est. reading time" />
	<meta name="twitter:data1" content="1 minute" />
<script type="application/ld+json" class="yoast-schema-graph">{"@context":"https://schema.org","@graph":[{"@type":"WebPage","@id":"https://www.agenceimmoselect.com/en/lot/bel-appartement-fonctionnel-4-personnes-proche-centre/","url":"https://www.agenceimmoselect.com/en/lot/bel-appartement-fonctionnel-4-personnes-proche-centre/","name":"bel appartement fonctionnel, 4 personnes, proche centre - Agence Immobiliere Les Gets – Agence Immo Select","isPartOf":{"@id":"https://www.agenceimmoselect.com/en/#website"},"datePublished":"2024-06-13T09:04:44+00:00","dateModified":"2026-05-02T03:16:58+00:00","breadcrumb":{"@id":"https://www.agenceimmoselect.com/en/lot/bel-appartement-fonctionnel-4-personnes-proche-centre/#breadcrumb"},"inLanguage":"en-US","potentialAction":[{"@type":"ReadAction","target":["https://www.agenceimmoselect.com/en/lot/bel-appartement-fonctionnel-4-personnes-proche-centre/"]}]},{"@type":"BreadcrumbList","@id":"https://www.agenceimmoselect.com/en/lot/bel-appartement-fonctionnel-4-personnes-proche-centre/#breadcrumb","itemListElement":[{"@type":"ListItem","position":1,"name":"Accueil","item":"https://www.agenceimmoselect.com/en/"},{"@type":"ListItem","position":2,"name":"Lots","item":"https://www.agenceimmoselect.com/en/lot/"},{"@type":"ListItem","position":3,"name":"bel appartement fonctionnel, 4 personnes, proche centre"}]},{"@type":"WebSite","@id":"https://www.agenceimmoselect.com/en/#website","url":"https://www.agenceimmoselect.com/en/","name":"Agence Immo'Select - Les Gets","description":"","publisher":{"@id":"https://www.agenceimmoselect.com/en/#organization"},"potentialAction":[{"@type":"SearchAction","target":{"@type":"EntryPoint","urlTemplate":"https://www.agenceimmoselect.com/en/?s={search_term_string}"},"query-input":{"@type":"PropertyValueSpecification","valueRequired":true,"valueName":"search_term_string"}}],"inLanguage":"en-US"},{"@type":"Organization","@id":"https://www.agenceimmoselect.com/en/#organization","name":"Agence Immo'Select - Les Gets","url":"https://www.agenceimmoselect.com/en/","logo":{"@type":"ImageObject","inLanguage":"en-US","@id":"https://www.agenceimmoselect.com/en/#/schema/logo/image/","url":"https://www.agenceimmoselect.com/wp-content/uploads/2022/06/IMMO-SELECT_Logo_RVB_Fond-bleu.jpg","contentUrl":"https://www.agenceimmoselect.com/wp-content/uploads/2022/06/IMMO-SELECT_Logo_RVB_Fond-bleu.jpg","width":1783,"height":1481,"caption":"Agence Immo'Select - Les Gets"},"image":{"@id":"https://www.agenceimmoselect.com/en/#/schema/logo/image/"}}]}</script>
<!-- / Yoast SEO plugin. -->

Appartement lumineux de 35 m², de type 2 pièces cabine, très bien équipé, rénové, situé au rez de chaussée, exposition Nord-Est, balcon-terrasse. Capacité : 4 personnes. Travaux de construction en face du batiment. Adhérent Multipass été 2024 DESCRIPTION : &#8211; 1 hall d&#8217;entrée avec coin montagne pouvant être fermé par une porte (2 lits superposés [&hellip;]
